CRAN Package Check Results for Package multinets

Last updated on 2024-06-13 22:49:36 CEST.

Flavor Version Tinstall Tcheck Ttotal Status Flags
r-devel-linux-x86_64-debian-clang 0.2.2 40.67 36.76 77.43 OK
r-devel-linux-x86_64-debian-gcc 0.2.2 0.23 1.58 1.81 ERROR
r-devel-linux-x86_64-fedora-clang 0.2.2 125.17 OK
r-devel-linux-x86_64-fedora-gcc 0.2.2 113.40 OK
r-devel-windows-x86_64 0.2.2 34.00 74.00 108.00 OK
r-patched-linux-x86_64 0.2.2 32.93 36.15 69.08 OK
r-release-linux-x86_64 0.2.2 37.40 36.57 73.97 OK
r-release-macos-arm64 0.2.2 29.00 OK
r-release-macos-x86_64 0.2.2 55.00 OK
r-release-windows-x86_64 0.2.2 36.00 76.00 112.00 OK
r-oldrel-macos-arm64 0.2.2 32.00 OK
r-oldrel-macos-x86_64 0.2.2 48.00 NOTE
r-oldrel-windows-x86_64 0.2.2 43.00 85.00 128.00 OK

Check Details

Version: 0.2.2
Check: package dependencies
Result: ERROR Package required but not available: ‘igraph’ Packages suggested but not available for checking: 'sand', 'statnet', 'testthat' See section ‘The DESCRIPTION file’ in the ‘Writing R Extensions’ manual. Flavor: r-devel-linux-x86_64-debian-gcc

Version: 0.2.2
Check: package dependencies
Result: NOTE Package suggested but not available for checking: ‘statnet’ Flavor: r-oldrel-macos-x86_64