Last updated on 2024-04-18 22:52:50 CEST.
Flavor | Version | Tinstall | Tcheck | Ttotal | Status | Flags |
---|---|---|---|---|---|---|
r-devel-linux-x86_64-debian-clang | 0.2.2 | 42.54 | 38.40 | 80.94 | OK | |
r-devel-linux-x86_64-debian-gcc | 0.2.2 | 31.56 | 28.69 | 60.25 | OK | |
r-devel-linux-x86_64-fedora-clang | 0.2.2 | 118.67 | OK | |||
r-devel-linux-x86_64-fedora-gcc | 0.2.2 | 109.30 | OK | |||
r-prerel-macos-arm64 | 0.2.2 | 29.00 | OK | |||
r-prerel-windows-x86_64 | 0.2.2 | 37.00 | 73.00 | 110.00 | OK | |
r-patched-linux-x86_64 | 0.2.2 | 39.59 | 36.67 | 76.26 | OK | |
r-release-linux-x86_64 | 0.2.2 | 43.38 | 37.05 | 80.43 | OK | |
r-release-macos-arm64 | 0.2.2 | 32.00 | OK | |||
r-release-macos-x86_64 | 0.2.2 | 48.00 | NOTE | |||
r-release-windows-x86_64 | 0.2.2 | 45.00 | 81.00 | 126.00 | OK | |
r-oldrel-macos-arm64 | 0.2.2 | 31.00 | OK | |||
r-oldrel-windows-x86_64 | 0.2.2 | 43.00 | 76.00 | 119.00 | OK |
Version: 0.2.2
Check: package dependencies
Result: NOTE
Package suggested but not available for checking: ‘statnet’
Flavor: r-release-macos-x86_64