Last updated on 2023-10-04 00:01:53 CEST.
Flavor | Version | Tinstall | Tcheck | Ttotal | Status | Flags |
---|---|---|---|---|---|---|
r-devel-linux-x86_64-debian-clang | 0.2.2 | 43.88 | 36.33 | 80.21 | OK | |
r-devel-linux-x86_64-debian-gcc | 0.2.2 | 26.23 | 28.58 | 54.81 | OK | |
r-devel-linux-x86_64-fedora-clang | 0.2.2 | 116.31 | OK | |||
r-devel-linux-x86_64-fedora-gcc | 0.2.2 | 107.64 | OK | |||
r-devel-windows-x86_64 | 0.2.2 | 35.00 | 78.00 | 113.00 | OK | |
r-patched-linux-x86_64 | 0.2.2 | 38.18 | 36.78 | 74.96 | OK | |
r-release-linux-x86_64 | 0.2.2 | 39.23 | 35.57 | 74.80 | OK | |
r-release-macos-arm64 | 0.2.2 | 32.00 | OK | |||
r-release-macos-x86_64 | 0.2.2 | 48.00 | NOTE | |||
r-release-windows-x86_64 | 0.2.2 | 42.00 | 79.00 | 121.00 | OK | |
r-oldrel-macos-arm64 | 0.2.2 | 31.00 | OK | |||
r-oldrel-macos-x86_64 | 0.2.2 | 42.00 | OK | |||
r-oldrel-windows-x86_64 | 0.2.2 | 41.00 | 73.00 | 114.00 | OK |
Version: 0.2.2
Check: package dependencies
Result: NOTE
Package suggested but not available for checking: ‘statnet’
Flavor: r-release-macos-x86_64