Last updated on 2024-04-18 22:52:50 CEST.
Flavor | Version | Tinstall | Tcheck | Ttotal | Status | Flags |
---|---|---|---|---|---|---|
r-devel-linux-x86_64-debian-clang | 1.2.3 | 3.20 | 29.03 | 32.23 | OK | |
r-devel-linux-x86_64-debian-gcc | 1.2.3 | 2.14 | 21.54 | 23.68 | OK | |
r-devel-linux-x86_64-fedora-clang | 1.2.3 | 39.85 | NOTE | |||
r-devel-linux-x86_64-fedora-gcc | 1.2.3 | 37.16 | OK | |||
r-prerel-macos-arm64 | 1.2.3 | 16.00 | OK | |||
r-prerel-windows-x86_64 | 1.2.3 | 4.00 | 42.00 | 46.00 | OK | |
r-patched-linux-x86_64 | 1.2.3 | 1.87 | 26.86 | 28.73 | OK | |
r-release-linux-x86_64 | 1.2.3 | 2.91 | 27.61 | 30.52 | OK | |
r-release-macos-arm64 | 1.2.3 | 16.00 | OK | |||
r-release-macos-x86_64 | 1.2.3 | 24.00 | OK | |||
r-release-windows-x86_64 | 1.2.3 | 4.00 | 43.00 | 47.00 | OK | |
r-oldrel-macos-arm64 | 1.2.3 | 19.00 | OK | |||
r-oldrel-windows-x86_64 | 1.2.3 | 4.00 | 48.00 | 52.00 | OK |
Version: 1.2.3
Check: Rd cross-references
Result: NOTE
Undeclared package ‘lfe’ in Rd xrefs
Flavor: r-devel-linux-x86_64-fedora-clang