Last updated on 2024-04-19 22:55:54 CEST.
Flavor | Version | Tinstall | Tcheck | Ttotal | Status | Flags |
---|---|---|---|---|---|---|
r-devel-linux-x86_64-debian-clang | 2.0.3 | 303.14 | 107.81 | 410.95 | OK | |
r-devel-linux-x86_64-debian-gcc | 2.0.3 | OK | ||||
r-devel-linux-x86_64-fedora-clang | 2.0.3 | 638.20 | OK | |||
r-devel-linux-x86_64-fedora-gcc | 2.0.3 | 631.66 | OK | |||
r-prerel-macos-arm64 | 2.0.3 | 137.00 | NOTE | |||
r-prerel-windows-x86_64 | 2.0.3 | 250.00 | 133.00 | 383.00 | OK | |
r-patched-linux-x86_64 | 2.0.3 | 223.43 | 102.96 | 326.39 | OK | |
r-release-linux-x86_64 | 2.0.3 | 224.62 | 102.30 | 326.92 | OK | |
r-release-macos-arm64 | 2.0.3 | 124.00 | NOTE | |||
r-release-macos-x86_64 | 2.0.3 | 181.00 | NOTE | |||
r-release-windows-x86_64 | 2.0.3 | 298.00 | 152.00 | 450.00 | OK | |
r-oldrel-macos-arm64 | 2.0.3 | 126.00 | NOTE | |||
r-oldrel-windows-x86_64 | 2.0.3 | 291.00 | 145.00 | 436.00 | OK |
Version: 2.0.3
Check: installed package size
Result: NOTE
installed size is 13.2Mb
sub-directories of 1Mb or more:
libs 11.9Mb
Flavors: r-prerel-macos-arm64, r-release-macos-arm64, r-release-macos-x86_64, r-oldrel-macos-arm64