CRAN Package Check Results for Package mvnfast

Last updated on 2019-02-15 22:46:48 CET.

Flavor Version Tinstall Tcheck Ttotal Status Flags
r-devel-linux-x86_64-debian-clang 0.2.5 85.97 238.85 324.82 NOTE
r-devel-linux-x86_64-debian-gcc 0.2.5 77.45 174.94 252.39 NOTE
r-devel-linux-x86_64-fedora-clang 0.2.5 433.01 NOTE
r-devel-linux-x86_64-fedora-gcc 0.2.5 370.12 NOTE
r-devel-windows-ix86+x86_64 0.2.5 337.00 404.00 741.00 NOTE
r-patched-linux-x86_64 0.2.5 95.45 211.75 307.20 OK
r-patched-solaris-x86 0.2.5 365.40 OK --no-vignettes
r-release-linux-x86_64 0.2.5 96.09 212.25 308.34 OK
r-release-windows-ix86+x86_64 0.2.5 197.00 413.00 610.00 OK
r-release-osx-x86_64 0.2.5 OK
r-oldrel-windows-ix86+x86_64 0.2.5 278.00 478.00 756.00 OK
r-oldrel-osx-x86_64 0.2.5 OK

Check Details

Version: 0.2.5
Check: line endings in C/C++/Fortran sources/headers
Result: NOTE
    Found the following sources/headers not terminated with a newline:
     src/sitmo/sitmo.hpp
    Some compilers warn on such files.
Flavors: r-devel-linux-x86_64-debian-clang, r-devel-linux-x86_64-debian-gcc, r-devel-linux-x86_64-fedora-clang, r-devel-linux-x86_64-fedora-gcc, r-devel-windows-ix86+x86_64