CRAN Package Check Results for Package mvnfast

Last updated on 2019-05-21 22:51:36 CEST.

Flavor Version Tinstall Tcheck Ttotal Status Flags
r-devel-linux-x86_64-debian-clang 0.2.5 91.16 244.53 335.69 NOTE
r-devel-linux-x86_64-debian-gcc 0.2.5 78.61 175.34 253.95 NOTE
r-devel-linux-x86_64-fedora-clang 0.2.5 451.35 NOTE
r-devel-linux-x86_64-fedora-gcc 0.2.5 378.01 NOTE
r-devel-windows-ix86+x86_64 0.2.5 194.00 423.00 617.00 NOTE
r-patched-linux-x86_64 0.2.5 88.02 207.66 295.68 NOTE
r-patched-solaris-x86 0.2.5 400.70 NOTE --no-vignettes
r-release-linux-x86_64 0.2.5 91.16 208.19 299.35 NOTE
r-release-windows-ix86+x86_64 0.2.5 260.00 415.00 675.00 NOTE
r-release-osx-x86_64 0.2.5 NOTE
r-oldrel-windows-ix86+x86_64 0.2.5 197.00 317.00 514.00 OK
r-oldrel-osx-x86_64 0.2.5 OK

Check Details

Version: 0.2.5
Check: line endings in C/C++/Fortran sources/headers
Result: NOTE
    Found the following sources/headers not terminated with a newline:
     src/sitmo/sitmo.hpp
    Some compilers warn on such files.
Flavors: r-devel-linux-x86_64-debian-clang, r-devel-linux-x86_64-debian-gcc, r-devel-linux-x86_64-fedora-clang, r-devel-linux-x86_64-fedora-gcc, r-devel-windows-ix86+x86_64, r-patched-linux-x86_64, r-release-linux-x86_64, r-release-windows-ix86+x86_64, r-release-osx-x86_64

Version: 0.2.5
Flags: --no-vignettes
Check: line endings in C/C++/Fortran sources/headers
Result: NOTE
    Found the following sources/headers not terminated with a newline:
     src/sitmo/sitmo.hpp
    Some compilers warn on such files.
Flavor: r-patched-solaris-x86