CRAN Package Check Results for Package mvtmeta

Last updated on 2019-07-22 22:48:06 CEST.

Flavor Version Tinstall Tcheck Ttotal Status Flags
r-devel-linux-x86_64-debian-clang 1.0 1.48 18.42 19.90 NOTE
r-devel-linux-x86_64-debian-gcc 1.0 1.17 15.32 16.49 NOTE
r-devel-linux-x86_64-fedora-clang 1.0 24.23 NOTE
r-devel-linux-x86_64-fedora-gcc 1.0 23.36 NOTE
r-devel-windows-ix86+x86_64 1.0 4.00 29.00 33.00 NOTE
r-patched-linux-x86_64 1.0 1.53 18.47 20.00 NOTE
r-patched-solaris-x86 1.0 39.30 NOTE
r-release-linux-x86_64 1.0 1.63 18.40 20.03 NOTE
r-release-windows-ix86+x86_64 1.0 4.00 38.00 42.00 NOTE
r-release-osx-x86_64 1.0 NOTE
r-oldrel-windows-ix86+x86_64 1.0 3.00 30.00 33.00 NOTE
r-oldrel-osx-x86_64 1.0 NOTE

Check Details

Version: 1.0
Check: dependencies in R code
Result: NOTE
    Package in Depends field not imported from: 'gtools'
     These packages need to be imported from (in the NAMESPACE file)
     for when this namespace is loaded but not attached.
Flavors: r-devel-linux-x86_64-debian-clang, r-devel-linux-x86_64-debian-gcc, r-devel-linux-x86_64-fedora-clang, r-devel-linux-x86_64-fedora-gcc, r-devel-windows-ix86+x86_64, r-patched-linux-x86_64, r-patched-solaris-x86, r-release-linux-x86_64, r-release-windows-ix86+x86_64, r-release-osx-x86_64, r-oldrel-windows-ix86+x86_64, r-oldrel-osx-x86_64

Version: 1.0
Check: R code for possible problems
Result: NOTE
    mvtmeta_fe: no visible global function definition for 'combinations'
    Undefined global functions or variables:
     combinations
Flavors: r-devel-linux-x86_64-debian-clang, r-devel-linux-x86_64-debian-gcc, r-devel-linux-x86_64-fedora-clang, r-devel-linux-x86_64-fedora-gcc, r-devel-windows-ix86+x86_64, r-patched-linux-x86_64, r-patched-solaris-x86, r-release-linux-x86_64, r-release-windows-ix86+x86_64, r-release-osx-x86_64, r-oldrel-windows-ix86+x86_64, r-oldrel-osx-x86_64