CRAN Package Check Results for Package mvtmeta

Last updated on 2019-11-19 22:49:26 CET.

Flavor Version Tinstall Tcheck Ttotal Status Flags
r-devel-linux-x86_64-debian-clang 1.0 1.90 18.79 20.69 NOTE
r-devel-linux-x86_64-debian-gcc 1.0 1.46 15.53 16.99 NOTE
r-devel-linux-x86_64-fedora-clang 1.0 25.15 NOTE
r-devel-linux-x86_64-fedora-gcc 1.0 24.70 NOTE
r-devel-windows-ix86+x86_64 1.0 6.00 32.00 38.00 NOTE
r-devel-windows-ix86+x86_64-gcc8 1.0 8.00 31.00 39.00 NOTE
r-patched-linux-x86_64 1.0 1.58 17.83 19.41 NOTE
r-patched-solaris-x86 1.0 38.30 NOTE
r-release-linux-x86_64 1.0 1.29 17.82 19.11 NOTE
r-release-windows-ix86+x86_64 1.0 4.00 38.00 42.00 NOTE
r-release-osx-x86_64 1.0 NOTE
r-oldrel-windows-ix86+x86_64 1.0 3.00 30.00 33.00 NOTE
r-oldrel-osx-x86_64 1.0 NOTE

Check Details

Version: 1.0
Check: dependencies in R code
Result: NOTE
    Package in Depends field not imported from: 'gtools'
     These packages need to be imported from (in the NAMESPACE file)
     for when this namespace is loaded but not attached.
Flavors: r-devel-linux-x86_64-debian-clang, r-devel-linux-x86_64-debian-gcc, r-devel-linux-x86_64-fedora-clang, r-devel-linux-x86_64-fedora-gcc, r-devel-windows-ix86+x86_64, r-devel-windows-ix86+x86_64-gcc8, r-patched-linux-x86_64, r-patched-solaris-x86, r-release-linux-x86_64, r-release-windows-ix86+x86_64, r-release-osx-x86_64, r-oldrel-windows-ix86+x86_64, r-oldrel-osx-x86_64

Version: 1.0
Check: R code for possible problems
Result: NOTE
    mvtmeta_fe: no visible global function definition for 'combinations'
    Undefined global functions or variables:
     combinations
Flavors: r-devel-linux-x86_64-debian-clang, r-devel-linux-x86_64-debian-gcc, r-devel-linux-x86_64-fedora-clang, r-devel-linux-x86_64-fedora-gcc, r-devel-windows-ix86+x86_64, r-devel-windows-ix86+x86_64-gcc8, r-patched-linux-x86_64, r-patched-solaris-x86, r-release-linux-x86_64, r-release-windows-ix86+x86_64, r-release-osx-x86_64, r-oldrel-windows-ix86+x86_64, r-oldrel-osx-x86_64