Last updated on 2024-03-28 23:01:51 CET.
Flavor | Version | Tinstall | Tcheck | Ttotal | Status | Flags |
---|---|---|---|---|---|---|
r-devel-linux-x86_64-debian-clang | 0.1.1 | 13.09 | 86.12 | 99.21 | NOTE | |
r-devel-linux-x86_64-debian-gcc | 0.1.1 | 8.50 | 65.35 | 73.85 | NOTE | |
r-devel-linux-x86_64-fedora-clang | 0.1.1 | 118.68 | NOTE | |||
r-devel-linux-x86_64-fedora-gcc | 0.1.1 | 117.96 | NOTE | |||
r-devel-windows-x86_64 | 0.1.1 | 11.00 | 81.00 | 92.00 | NOTE | |
r-patched-linux-x86_64 | 0.1.1 | 9.58 | 80.05 | 89.63 | NOTE | |
r-release-linux-x86_64 | 0.1.1 | 12.43 | 85.38 | 97.81 | OK | |
r-release-macos-arm64 | 0.1.1 | 39.00 | OK | |||
r-release-macos-x86_64 | 0.1.1 | 65.00 | OK | |||
r-release-windows-x86_64 | 0.1.1 | 14.00 | 99.00 | 113.00 | OK | |
r-oldrel-macos-arm64 | 0.1.1 | 36.00 | NOTE | |||
r-oldrel-windows-x86_64 | 0.1.1 | 15.00 | 97.00 | 112.00 | OK |
Version: 0.1.1
Check: Rd \usage sections
Result: NOTE
Documented arguments not in \usage in Rd file 'Moth.Rd':
‘delta.ident’
Functions with \usage entries need to have the appropriate \alias
entries, and all their arguments documented.
The \usage entries must correspond to syntactically valid R code.
See chapter ‘Writing R documentation files’ in the ‘Writing R
Extensions’ manual.
Flavors: r-devel-linux-x86_64-debian-clang, r-devel-linux-x86_64-debian-gcc, r-devel-linux-x86_64-fedora-clang, r-devel-linux-x86_64-fedora-gcc, r-devel-windows-x86_64, r-patched-linux-x86_64
Version: 0.1.1
Check: dependencies in R code
Result: NOTE
Namespaces in Imports field not imported from:
‘Deriv’ ‘compiler’ ‘stringi’
All declared Imports should be used.
Flavors: r-devel-linux-x86_64-fedora-clang, r-devel-linux-x86_64-fedora-gcc, r-oldrel-macos-arm64