Last updated on 2024-04-18 22:52:50 CEST.
Flavor | Version | Tinstall | Tcheck | Ttotal | Status | Flags |
---|---|---|---|---|---|---|
r-devel-linux-x86_64-debian-clang | 0.5.0 | 70.30 | 36.69 | 106.99 | OK | |
r-devel-linux-x86_64-debian-gcc | 0.5.0 | 57.29 | 29.04 | 86.33 | OK | |
r-devel-linux-x86_64-fedora-clang | 0.5.0 | 153.71 | OK | |||
r-devel-linux-x86_64-fedora-gcc | 0.5.0 | 160.26 | OK | |||
r-prerel-macos-arm64 | 0.5.0 | 38.00 | NOTE | |||
r-prerel-windows-x86_64 | 0.5.0 | 57.00 | 72.00 | 129.00 | OK | |
r-patched-linux-x86_64 | 0.5.0 | 77.23 | 36.56 | 113.79 | OK | |
r-release-linux-x86_64 | 0.5.0 | 76.07 | 37.76 | 113.83 | OK | |
r-release-macos-arm64 | 0.5.0 | 45.00 | NOTE | |||
r-release-macos-x86_64 | 0.5.0 | 66.00 | NOTE | |||
r-release-windows-x86_64 | 0.5.0 | 69.00 | 79.00 | 148.00 | OK | |
r-oldrel-macos-arm64 | 0.5.0 | 47.00 | NOTE | |||
r-oldrel-windows-x86_64 | 0.5.0 | 64.00 | 83.00 | 147.00 | OK |
Version: 0.5.0
Check: installed package size
Result: NOTE
installed size is 8.8Mb
sub-directories of 1Mb or more:
libs 8.7Mb
Flavors: r-prerel-macos-arm64, r-release-macos-arm64, r-release-macos-x86_64, r-oldrel-macos-arm64