Last updated on 2024-03-27 22:57:52 CET.
Flavor | Version | Tinstall | Tcheck | Ttotal | Status | Flags |
---|---|---|---|---|---|---|
r-devel-linux-x86_64-debian-clang | 0.3.7 | 84.11 | 85.49 | 169.60 | NOTE | |
r-devel-linux-x86_64-debian-gcc | 0.3.7 | 63.67 | 64.08 | 127.75 | NOTE | |
r-devel-linux-x86_64-fedora-clang | 0.3.7 | 225.16 | NOTE | |||
r-devel-linux-x86_64-fedora-gcc | 0.3.7 | 240.59 | NOTE | |||
r-devel-windows-x86_64 | 0.3.7 | 63.00 | 105.00 | 168.00 | NOTE | |
r-patched-linux-x86_64 | 0.3.7 | 79.46 | 81.21 | 160.67 | NOTE | |
r-release-linux-x86_64 | 0.3.7 | 79.62 | 80.41 | 160.03 | NOTE | |
r-release-macos-arm64 | 0.3.7 | 66.00 | NOTE | |||
r-release-macos-x86_64 | 0.3.7 | 117.00 | NOTE | |||
r-release-windows-x86_64 | 0.3.7 | 82.00 | 128.00 | 210.00 | NOTE | |
r-oldrel-macos-arm64 | 0.3.7 | 64.00 | OK | |||
r-oldrel-windows-x86_64 | 0.3.7 | 80.00 | 121.00 | 201.00 | OK |
Version: 0.3.7
Check: C++ specification
Result: NOTE
Specified C++11: please drop specification unless essential
Flavors: r-devel-linux-x86_64-debian-clang, r-devel-linux-x86_64-debian-gcc, r-devel-linux-x86_64-fedora-clang, r-devel-linux-x86_64-fedora-gcc, r-devel-windows-x86_64, r-patched-linux-x86_64, r-release-linux-x86_64, r-release-macos-arm64, r-release-macos-x86_64, r-release-windows-x86_64
Version: 0.3.7
Check: Rd files
Result: NOTE
checkRd: (-1) nanoperiod.Rd:268: Lost braces
268 | possible to use the binary operator `code{+}`. Instead the
| ^
Flavors: r-devel-linux-x86_64-debian-clang, r-devel-linux-x86_64-debian-gcc, r-devel-linux-x86_64-fedora-clang, r-devel-linux-x86_64-fedora-gcc, r-devel-windows-x86_64