CRAN Package Check Results for Package narray

Last updated on 2021-04-12 22:51:08 CEST.

Flavor Version Tinstall Tcheck Ttotal Status Flags
r-devel-linux-x86_64-debian-clang 0.4.1 3.18 29.46 32.64 NOTE
r-devel-linux-x86_64-debian-gcc 0.4.1 2.51 23.17 25.68 NOTE
r-devel-linux-x86_64-fedora-clang 0.4.1 48.94 NOTE
r-devel-linux-x86_64-fedora-gcc 0.4.1 42.03 NOTE
r-devel-windows-ix86+x86_64 0.4.1 8.00 46.00 54.00 NOTE
r-devel-windows-x86_64-gcc10-UCRT 0.4.1 NOTE
r-patched-linux-x86_64 0.4.1 2.63 28.39 31.02 OK
r-patched-solaris-x86 0.4.1 57.00 OK
r-release-linux-x86_64 0.4.1 2.73 28.39 31.12 OK
r-release-macos-x86_64 0.4.1 OK
r-release-windows-ix86+x86_64 0.4.1 6.00 47.00 53.00 OK
r-oldrel-macos-x86_64 0.4.1 OK
r-oldrel-windows-ix86+x86_64 0.4.1 5.00 31.00 36.00 OK

Check Details

Version: 0.4.1
Check: LazyData
Result: NOTE
     'LazyData' is specified without a 'data' directory
Flavors: r-devel-linux-x86_64-debian-clang, r-devel-linux-x86_64-debian-gcc, r-devel-linux-x86_64-fedora-clang, r-devel-linux-x86_64-fedora-gcc, r-devel-windows-ix86+x86_64, r-devel-windows-x86_64-gcc10-UCRT