CRAN Package Check Results for Package nasadata

Last updated on 2024-05-18 22:27:43 CEST.

Flavor Version Tinstall Tcheck Ttotal Status Flags
r-devel-linux-x86_64-debian-clang 0.9.0 5.71 46.78 52.49 NOTE
r-devel-linux-x86_64-debian-gcc 0.9.0 4.54 35.04 39.58 NOTE
r-devel-linux-x86_64-fedora-clang 0.9.0 67.33 NOTE
r-devel-linux-x86_64-fedora-gcc 0.9.0 109.25 NOTE
r-devel-windows-x86_64 0.9.0 6.00 60.00 66.00 NOTE
r-patched-linux-x86_64 0.9.0 6.39 43.92 50.31 NOTE
r-release-linux-x86_64 0.9.0 5.94 44.44 50.38 NOTE
r-release-macos-arm64 0.9.0 22.00 NOTE
r-release-windows-x86_64 0.9.0 7.00 60.00 67.00 NOTE
r-oldrel-macos-arm64 0.9.0 23.00 NOTE
r-oldrel-macos-x86_64 0.9.0 31.00 NOTE
r-oldrel-windows-x86_64 0.9.0 6.00 65.00 71.00 NOTE

Check Details

Version: 0.9.0
Check: LazyData
Result: NOTE 'LazyData' is specified without a 'data' directory Flavors: r-devel-linux-x86_64-debian-clang, r-devel-linux-x86_64-debian-gcc, r-devel-linux-x86_64-fedora-clang, r-devel-linux-x86_64-fedora-gcc, r-devel-windows-x86_64, r-patched-linux-x86_64, r-release-linux-x86_64, r-release-macos-arm64, r-release-windows-x86_64, r-oldrel-macos-arm64, r-oldrel-macos-x86_64, r-oldrel-windows-x86_64