CRAN Package Check Results for Package nawtilus

Last updated on 2023-09-20 21:52:56 CEST.

Flavor Version Tinstall Tcheck Ttotal Status Flags
r-devel-linux-x86_64-debian-clang 0.1.4 6.55 39.48 46.03 OK
r-devel-linux-x86_64-debian-gcc 0.1.4 5.01 30.73 35.74 OK
r-devel-linux-x86_64-fedora-clang 0.1.4 59.96 NOTE
r-devel-linux-x86_64-fedora-gcc 0.1.4 55.98 OK
r-devel-windows-x86_64 0.1.4 5.00 50.00 55.00 OK
r-patched-linux-x86_64 0.1.4 5.02 38.86 43.88 OK
r-release-linux-x86_64 0.1.4 5.23 39.39 44.62 OK
r-release-macos-arm64 0.1.4 20.00 OK
r-release-macos-x86_64 0.1.4 31.00 OK
r-release-windows-x86_64 0.1.4 7.00 53.00 60.00 OK
r-oldrel-macos-arm64 0.1.4 22.00 OK
r-oldrel-macos-x86_64 0.1.4 27.00 OK
r-oldrel-windows-x86_64 0.1.4 9.00 55.00 64.00 OK

Check Details

Version: 0.1.4
Check: Rd cross-references
Result: NOTE
    Undeclared package ‘CBPS’ in Rd xrefs
Flavor: r-devel-linux-x86_64-fedora-clang