Last updated on 2023-06-04 23:00:05 CEST.
Flavor | Version | Tinstall | Tcheck | Ttotal | Status | Flags |
---|---|---|---|---|---|---|
r-devel-linux-x86_64-debian-clang | 2013.03.29.1 | 3.03 | 47.63 | 50.66 | OK | |
r-devel-linux-x86_64-debian-gcc | 2013.03.29.1 | 2.36 | 38.52 | 40.88 | OK | |
r-devel-linux-x86_64-fedora-clang | 2013.03.29.1 | 63.55 | NOTE | |||
r-devel-linux-x86_64-fedora-gcc | 2013.03.29.1 | 60.11 | OK | |||
r-devel-windows-x86_64 | 2013.03.29.1 | 3.00 | 56.00 | 59.00 | NOTE | |
r-patched-linux-x86_64 | 2013.03.29.1 | 3.09 | 45.36 | 48.45 | OK | |
r-release-linux-x86_64 | 2013.03.29.1 | 2.99 | 46.42 | 49.41 | OK | |
r-release-macos-arm64 | 2013.03.29.1 | 26.00 | NOTE | |||
r-release-macos-x86_64 | 2013.03.29.1 | 39.00 | NOTE | |||
r-release-windows-x86_64 | 2013.03.29.1 | 3.00 | 67.00 | 70.00 | NOTE | |
r-oldrel-macos-arm64 | 2013.03.29.1 | 27.00 | NOTE | |||
r-oldrel-macos-x86_64 | 2013.03.29.1 | 36.00 | NOTE | |||
r-oldrel-windows-x86_64 | 2013.03.29.1 | 10.00 | 71.00 | 81.00 | NOTE |
Version: 2013.03.29.1
Check: installed package size
Result: NOTE
installed size is 9.5Mb
sub-directories of 1Mb or more:
data 9.4Mb
Flavors: r-devel-linux-x86_64-fedora-clang, r-devel-windows-x86_64, r-release-macos-arm64, r-release-macos-x86_64, r-release-windows-x86_64, r-oldrel-macos-arm64, r-oldrel-macos-x86_64, r-oldrel-windows-x86_64