Last updated on 2024-04-22 23:09:57 CEST.
Flavor | Version | Tinstall | Tcheck | Ttotal | Status | Flags |
---|---|---|---|---|---|---|
r-devel-linux-x86_64-debian-clang | 2013.03.29.1 | 2.92 | 48.28 | 51.20 | OK | |
r-devel-linux-x86_64-debian-gcc | 2013.03.29.1 | 2.22 | 38.76 | 40.98 | OK | |
r-devel-linux-x86_64-fedora-clang | 2013.03.29.1 | 61.82 | NOTE | |||
r-devel-linux-x86_64-fedora-gcc | 2013.03.29.1 | 61.52 | OK | |||
r-prerel-macos-arm64 | 2013.03.29.1 | 25.00 | NOTE | |||
r-prerel-windows-x86_64 | 2013.03.29.1 | 4.00 | 56.00 | 60.00 | NOTE | |
r-patched-linux-x86_64 | 2013.03.29.1 | 2.76 | 46.48 | 49.24 | OK | |
r-release-linux-x86_64 | 2013.03.29.1 | 2.74 | 47.10 | 49.84 | OK | |
r-release-macos-arm64 | 2013.03.29.1 | 26.00 | NOTE | |||
r-release-macos-x86_64 | 2013.03.29.1 | 39.00 | NOTE | |||
r-release-windows-x86_64 | 2013.03.29.1 | 5.00 | 59.00 | 64.00 | NOTE | |
r-oldrel-macos-arm64 | 2013.03.29.1 | 27.00 | NOTE | |||
r-oldrel-windows-x86_64 | 2013.03.29.1 | 10.00 | 71.00 | 81.00 | NOTE |
Version: 2013.03.29.1
Check: installed package size
Result: NOTE
installed size is 9.5Mb
sub-directories of 1Mb or more:
data 9.4Mb
Flavors: r-devel-linux-x86_64-fedora-clang, r-prerel-macos-arm64, r-prerel-windows-x86_64, r-release-macos-arm64, r-release-macos-x86_64, r-release-windows-x86_64, r-oldrel-macos-arm64, r-oldrel-windows-x86_64