CRAN Package Check Results for Package ncdf4.helpers

Last updated on 2019-08-21 22:48:44 CEST.

Flavor Version Tinstall Tcheck Ttotal Status Flags
r-devel-linux-x86_64-debian-clang 0.3-3 2.52 21.96 24.48 NOTE
r-devel-linux-x86_64-debian-gcc 0.3-3 NOTE
r-devel-linux-x86_64-fedora-clang 0.3-3 31.21 NOTE
r-devel-linux-x86_64-fedora-gcc 0.3-3 29.88 NOTE
r-devel-windows-ix86+x86_64 0.3-3 9.00 49.00 58.00 NOTE
r-patched-linux-x86_64 0.3-3 2.18 22.04 24.22 NOTE
r-patched-solaris-x86 0.3-3 46.70 NOTE
r-release-linux-x86_64 0.3-3 2.15 22.11 24.26 NOTE
r-release-windows-ix86+x86_64 0.3-3 8.00 36.00 44.00 NOTE
r-release-osx-x86_64 0.3-3 NOTE
r-oldrel-windows-ix86+x86_64 0.3-3 3.00 46.00 49.00 NOTE
r-oldrel-osx-x86_64 0.3-3 NOTE

Check Details

Version: 0.3-3
Check: R code for possible problems
Result: NOTE
    get.split.filename.cmip5: no visible global function definition for
     'tail'
    nc.conform.data : <anonymous>: no visible global function definition
     for 'na.omit'
    nc.get.subset.recursive: no visible global function definition for
     'head'
    nc.get.subset.recursive: no visible global function definition for
     'tail'
    nc.put.subset.recursive: no visible global function definition for
     'head'
    nc.put.subset.recursive: no visible global function definition for
     'tail'
    Undefined global functions or variables:
     head na.omit tail
    Consider adding
     importFrom("stats", "na.omit")
     importFrom("utils", "head", "tail")
    to your NAMESPACE file.
Flavors: r-devel-linux-x86_64-debian-clang, r-devel-linux-x86_64-debian-gcc, r-devel-linux-x86_64-fedora-clang, r-devel-linux-x86_64-fedora-gcc, r-devel-windows-ix86+x86_64, r-patched-linux-x86_64, r-patched-solaris-x86, r-release-linux-x86_64, r-release-windows-ix86+x86_64, r-release-osx-x86_64, r-oldrel-windows-ix86+x86_64, r-oldrel-osx-x86_64