CRAN Package Check Results for Package ncdf4.helpers

Last updated on 2019-06-16 22:49:31 CEST.

Flavor Version Tinstall Tcheck Ttotal Status Flags
r-devel-linux-x86_64-debian-clang 0.3-3 2.55 21.32 23.87 NOTE
r-devel-linux-x86_64-debian-gcc 0.3-3 1.97 17.71 19.68 NOTE
r-devel-linux-x86_64-fedora-clang 0.3-3 29.22 NOTE
r-devel-linux-x86_64-fedora-gcc 0.3-3 27.91 NOTE
r-devel-windows-ix86+x86_64 0.3-3 5.00 35.00 40.00 NOTE
r-patched-linux-x86_64 0.3-3 2.52 22.07 24.59 NOTE
r-patched-solaris-x86 0.3-3 45.00 NOTE
r-release-linux-x86_64 0.3-3 2.30 21.91 24.21 NOTE
r-release-windows-ix86+x86_64 0.3-3 8.00 36.00 44.00 NOTE
r-release-osx-x86_64 0.3-3 NOTE
r-oldrel-windows-ix86+x86_64 0.3-3 3.00 46.00 49.00 NOTE
r-oldrel-osx-x86_64 0.3-3 NOTE

Check Details

Version: 0.3-3
Check: R code for possible problems
Result: NOTE
    get.split.filename.cmip5: no visible global function definition for
     'tail'
    nc.conform.data : <anonymous>: no visible global function definition
     for 'na.omit'
    nc.get.subset.recursive: no visible global function definition for
     'head'
    nc.get.subset.recursive: no visible global function definition for
     'tail'
    nc.put.subset.recursive: no visible global function definition for
     'head'
    nc.put.subset.recursive: no visible global function definition for
     'tail'
    Undefined global functions or variables:
     head na.omit tail
    Consider adding
     importFrom("stats", "na.omit")
     importFrom("utils", "head", "tail")
    to your NAMESPACE file.
Flavors: r-devel-linux-x86_64-debian-clang, r-devel-linux-x86_64-debian-gcc, r-devel-linux-x86_64-fedora-clang, r-devel-linux-x86_64-fedora-gcc, r-devel-windows-ix86+x86_64, r-patched-linux-x86_64, r-patched-solaris-x86, r-release-linux-x86_64, r-release-windows-ix86+x86_64, r-release-osx-x86_64, r-oldrel-windows-ix86+x86_64, r-oldrel-osx-x86_64