Last updated on 2024-03-27 22:57:52 CET.
Flavor | Version | Tinstall | Tcheck | Ttotal | Status | Flags |
---|---|---|---|---|---|---|
r-devel-linux-x86_64-debian-clang | 1.0.0 | 72.49 | 48.75 | 121.24 | NOTE | |
r-devel-linux-x86_64-debian-gcc | 1.0.0 | 59.57 | 37.84 | 97.41 | NOTE | |
r-devel-linux-x86_64-fedora-clang | 1.0.0 | 163.76 | NOTE | |||
r-devel-linux-x86_64-fedora-gcc | 1.0.0 | 176.40 | NOTE | |||
r-devel-windows-x86_64 | 1.0.0 | 53.00 | 82.00 | 135.00 | NOTE | |
r-patched-linux-x86_64 | 1.0.0 | 72.15 | 47.92 | 120.07 | NOTE | |
r-release-linux-x86_64 | 1.0.0 | 71.15 | 46.44 | 117.59 | NOTE | |
r-release-macos-arm64 | 1.0.0 | 49.00 | NOTE | |||
r-release-macos-x86_64 | 1.0.0 | 78.00 | NOTE | |||
r-release-windows-x86_64 | 1.0.0 | 69.00 | 91.00 | 160.00 | NOTE | |
r-oldrel-macos-arm64 | 1.0.0 | 57.00 | NOTE | |||
r-oldrel-windows-x86_64 | 1.0.0 | 65.00 | 87.00 | 152.00 | NOTE |
Version: 1.0.0
Check: package subdirectories
Result: NOTE
Problems with news in ‘NEWS.md’:
No news entries found.
Flavors: r-devel-linux-x86_64-debian-clang, r-devel-linux-x86_64-debian-gcc, r-devel-linux-x86_64-fedora-clang, r-devel-linux-x86_64-fedora-gcc, r-devel-windows-x86_64, r-patched-linux-x86_64, r-release-linux-x86_64, r-release-macos-arm64, r-release-macos-x86_64, r-release-windows-x86_64
Version: 1.0.0
Check: Rd files
Result: NOTE
checkRd: (-1) ncpen.Rd:108: Lost braces; missing escapes or markup?
108 | \item{gamma}{extra shrinkage parameter for \code{classo} and {sridge} only.}
| ^
checkRd: (-1) ncpen.reg.Rd:109: Lost braces; missing escapes or markup?
109 | \item{gamma}{extra shrinkage parameter for \code{classo} and {sridge} only.}
| ^
Flavors: r-devel-linux-x86_64-debian-clang, r-devel-linux-x86_64-debian-gcc, r-devel-linux-x86_64-fedora-clang, r-devel-linux-x86_64-fedora-gcc, r-devel-windows-x86_64
Version: 1.0.0
Check: LazyData
Result: NOTE
'LazyData' is specified without a 'data' directory
Flavors: r-devel-linux-x86_64-debian-clang, r-devel-linux-x86_64-debian-gcc, r-devel-linux-x86_64-fedora-clang, r-devel-linux-x86_64-fedora-gcc, r-devel-windows-x86_64, r-patched-linux-x86_64, r-release-linux-x86_64, r-release-macos-arm64, r-release-macos-x86_64, r-release-windows-x86_64, r-oldrel-macos-arm64, r-oldrel-windows-x86_64
Version: 1.0.0
Check: installed package size
Result: NOTE
installed size is 7.6Mb
sub-directories of 1Mb or more:
libs 7.4Mb
Flavors: r-release-macos-arm64, r-release-macos-x86_64, r-oldrel-macos-arm64