CRAN Package Check Results for Package ndjson

Last updated on 2023-11-27 23:11:44 CET.

Flavor Version Tinstall Tcheck Ttotal Status Flags
r-devel-linux-x86_64-debian-clang 0.9.0 29.72 29.92 59.64 OK
r-devel-linux-x86_64-debian-gcc 0.9.0 21.54 23.11 44.65 OK
r-devel-linux-x86_64-fedora-clang 0.9.0 84.08 OK
r-devel-linux-x86_64-fedora-gcc 0.9.0 82.48 OK
r-devel-windows-x86_64 0.9.0 23.00 66.00 89.00 NOTE
r-patched-linux-x86_64 0.9.0 27.04 29.64 56.68 OK
r-release-linux-x86_64 0.9.0 24.60 29.03 53.63 OK
r-release-macos-arm64 0.9.0 28.00 OK
r-release-macos-x86_64 0.9.0 42.00 OK
r-release-windows-x86_64 0.9.0 29.00 71.00 100.00 NOTE
r-oldrel-macos-arm64 0.9.0 32.00 OK
r-oldrel-macos-x86_64 0.9.0 36.00 OK
r-oldrel-windows-x86_64 0.9.0 28.00 72.00 100.00 OK

Check Details

Version: 0.9.0
Check: C++ specification
Result: NOTE Specified C++14: please drop specification unless essential Flavors: r-devel-windows-x86_64, r-release-windows-x86_64