CRAN Package Check Results for Package neatmaps

Last updated on 2019-07-22 22:48:06 CEST.

Flavor Version Tinstall Tcheck Ttotal Status Flags
r-devel-linux-x86_64-debian-clang 2.1.0 7.90 77.80 85.70 OK
r-devel-linux-x86_64-debian-gcc 2.1.0 6.34 62.73 69.07 OK
r-devel-linux-x86_64-fedora-clang 2.1.0 96.28 NOTE
r-devel-linux-x86_64-fedora-gcc 2.1.0 90.76 OK
r-devel-windows-ix86+x86_64 2.1.0 17.00 132.00 149.00 NOTE
r-patched-linux-x86_64 2.1.0 7.09 73.29 80.38 OK
r-patched-solaris-x86 2.1.0 141.10 NOTE
r-release-linux-x86_64 2.1.0 7.22 72.80 80.02 OK
r-release-windows-ix86+x86_64 2.1.0 17.00 91.00 108.00 NOTE
r-release-osx-x86_64 2.1.0 ERROR
r-oldrel-windows-ix86+x86_64 2.1.0 15.00 120.00 135.00 NOTE
r-oldrel-osx-x86_64 2.1.0 ERROR

Check Details

Version: 2.1.0
Check: installed package size
Result: NOTE
     installed size is 6.3Mb
Flavors: r-devel-linux-x86_64-fedora-clang, r-devel-windows-ix86+x86_64, r-patched-solaris-x86, r-release-windows-ix86+x86_64, r-oldrel-windows-ix86+x86_64

Version: 2.1.0
Check: package dependencies
Result: ERROR
    Package required but not available: ‘ConsensusClusterPlus’
    
    See section ‘The DESCRIPTION file’ in the ‘Writing R Extensions’
    manual.
Flavors: r-release-osx-x86_64, r-oldrel-osx-x86_64