CRAN Package Check Results for Package neatmaps

Last updated on 2019-11-18 22:47:17 CET.

Flavor Version Tinstall Tcheck Ttotal Status Flags
r-devel-linux-x86_64-debian-clang 2.1.0 9.74 82.42 92.16 OK
r-devel-linux-x86_64-debian-gcc 2.1.0 7.28 68.08 75.36 OK
r-devel-linux-x86_64-fedora-clang 2.1.0 102.43 NOTE
r-devel-linux-x86_64-fedora-gcc 2.1.0 98.08 OK
r-devel-windows-ix86+x86_64 2.1.0 34.00 121.00 155.00 NOTE
r-patched-linux-x86_64 2.1.0 8.15 77.01 85.16 OK
r-patched-solaris-x86 2.1.0 138.50 NOTE
r-release-linux-x86_64 2.1.0 7.84 75.10 82.94 OK
r-release-windows-ix86+x86_64 2.1.0 18.00 179.00 197.00 NOTE
r-release-osx-x86_64 2.1.0 ERROR
r-oldrel-windows-ix86+x86_64 2.1.0 13.00 159.00 172.00 NOTE
r-oldrel-osx-x86_64 2.1.0 ERROR

Check Details

Version: 2.1.0
Check: installed package size
Result: NOTE
     installed size is 6.3Mb
Flavors: r-devel-linux-x86_64-fedora-clang, r-devel-windows-ix86+x86_64, r-patched-solaris-x86, r-release-windows-ix86+x86_64, r-oldrel-windows-ix86+x86_64

Version: 2.1.0
Check: package dependencies
Result: ERROR
    Package required but not available: ‘ConsensusClusterPlus’
    
    See section ‘The DESCRIPTION file’ in the ‘Writing R Extensions’
    manual.
Flavors: r-release-osx-x86_64, r-oldrel-osx-x86_64