Last updated on 2023-09-24 22:59:45 CEST.
Flavor | Version | Tinstall | Tcheck | Ttotal | Status | Flags |
---|---|---|---|---|---|---|
r-devel-linux-x86_64-debian-clang | 0.1.1 | 9.64 | 56.63 | 66.27 | NOTE | |
r-devel-linux-x86_64-debian-gcc | 0.1.1 | 6.68 | 42.49 | 49.17 | NOTE | |
r-devel-linux-x86_64-fedora-clang | 0.1.1 | 82.14 | NOTE | |||
r-devel-linux-x86_64-fedora-gcc | 0.1.1 | 77.44 | NOTE | |||
r-devel-windows-x86_64 | 0.1.1 | 9.00 | 62.00 | 71.00 | NOTE | |
r-patched-linux-x86_64 | 0.1.1 | 5.52 | 52.78 | 58.30 | NOTE | |
r-release-linux-x86_64 | 0.1.1 | 6.10 | 53.31 | 59.41 | NOTE | |
r-release-macos-arm64 | 0.1.1 | 28.00 | NOTE | |||
r-release-macos-x86_64 | 0.1.1 | 39.00 | NOTE | |||
r-release-windows-x86_64 | 0.1.1 | 10.00 | 68.00 | 78.00 | NOTE | |
r-oldrel-macos-arm64 | 0.1.1 | 25.00 | NOTE | |||
r-oldrel-macos-x86_64 | 0.1.1 | 46.00 | NOTE | |||
r-oldrel-windows-x86_64 | 0.1.1 | 11.00 | 72.00 | 83.00 | NOTE |
Version: 0.1.1
Check: LazyData
Result: NOTE
'LazyData' is specified without a 'data' directory
Flavors: r-devel-linux-x86_64-debian-clang, r-devel-linux-x86_64-debian-gcc, r-devel-linux-x86_64-fedora-clang, r-devel-linux-x86_64-fedora-gcc, r-devel-windows-x86_64, r-patched-linux-x86_64, r-release-linux-x86_64, r-release-macos-arm64, r-release-macos-x86_64, r-release-windows-x86_64, r-oldrel-macos-arm64, r-oldrel-macos-x86_64, r-oldrel-windows-x86_64
Version: 0.1.1
Check: dependencies in R code
Result: NOTE
Namespaces in Imports field not imported from:
‘igraph’ ‘rlang’ ‘tidyselect’
All declared Imports should be used.
Flavors: r-devel-linux-x86_64-fedora-clang, r-devel-linux-x86_64-fedora-gcc, r-oldrel-macos-arm64, r-oldrel-macos-x86_64