CRAN Package Check Results for Package neonstore

Last updated on 2021-04-11 22:47:17 CEST.

Flavor Version Tinstall Tcheck Ttotal Status Flags
r-devel-linux-x86_64-debian-clang 0.4.2 5.52 55.08 60.60 OK
r-devel-linux-x86_64-debian-gcc 0.4.2 4.98 42.60 47.58 OK
r-devel-linux-x86_64-fedora-clang 0.4.2 82.34 OK
r-devel-linux-x86_64-fedora-gcc 0.4.2 77.29 OK
r-devel-windows-ix86+x86_64 0.4.0 15.00 87.00 102.00 NOTE
r-devel-windows-x86_64-gcc10-UCRT 0.4.2 NOTE
r-patched-linux-x86_64 0.4.0 6.37 55.94 62.31 OK
r-patched-solaris-x86 0.4.2 98.80 OK
r-release-linux-x86_64 0.4.2 6.09 52.72 58.81 OK
r-release-macos-x86_64 0.4.2 OK
r-release-windows-ix86+x86_64 0.4.2 11.00 68.00 79.00 OK
r-oldrel-macos-x86_64 0.4.2 ERROR
r-oldrel-windows-ix86+x86_64 0.4.0 13.00 54.00 67.00 ERROR

Check Details

Version: 0.4.0
Check: LazyData
Result: NOTE
     'LazyData' is specified without a 'data' directory
Flavor: r-devel-windows-ix86+x86_64

Version: 0.4.2
Check: package dependencies
Result: NOTE
    Package suggested but not available for checking: 'rhdf5'
Flavor: r-devel-windows-x86_64-gcc10-UCRT

Version: 0.4.2
Check: whether package can be installed
Result: ERROR
    Installation failed.
Flavor: r-oldrel-macos-x86_64

Version: 0.4.0
Check: dependencies in R code
Result: NOTE
    Missing or unexported object: 'tools::R_user_dir'
Flavor: r-oldrel-windows-ix86+x86_64

Version: 0.4.0
Check: Rd cross-references
Result: WARN
    Missing link or links in documentation object 'neon_citation.Rd':
     '[tools:userdir]{tools::R_user_dir()}'
    
    Missing link or links in documentation object 'neon_db.Rd':
     '[tools:userdir]{tools::R_user_dir()}'
    
    Missing link or links in documentation object 'neon_db_dir.Rd':
     '[tools:userdir]{tools::R_user_dir()}'
    
    Missing link or links in documentation object 'neon_dir.Rd':
     '[tools:userdir]{tools::R_user_dir()}'
    
    Missing link or links in documentation object 'neon_download.Rd':
     '[tools:userdir]{tools::R_user_dir()}'
    
    Missing link or links in documentation object 'neon_download_s3.Rd':
     '[tools:userdir]{tools::R_user_dir()}'
    
    Missing link or links in documentation object 'neon_export.Rd':
     '[tools:userdir]{tools::R_user_dir()}'
    
    Missing link or links in documentation object 'neon_import.Rd':
     '[tools:userdir]{tools::R_user_dir()}'
    
    Missing link or links in documentation object 'neon_index.Rd':
     '[tools:userdir]{tools::R_user_dir()}'
    
    Missing link or links in documentation object 'neon_read.Rd':
     '[tools:userdir]{tools::R_user_dir()}'
    
    Missing link or links in documentation object 'neon_store.Rd':
     '[tools:userdir]{tools::R_user_dir()}'
    
    Missing link or links in documentation object 'show_deprecated_data.Rd':
     '[tools:userdir]{tools::R_user_dir()}'
    
    See section 'Cross-references' in the 'Writing R Extensions' manual.
Flavor: r-oldrel-windows-ix86+x86_64

Version: 0.4.0
Check: examples
Result: ERROR
    Running examples in 'neonstore-Ex.R' failed
    The error most likely occurred in:
    
    > ### Name: neon_citation
    > ### Title: Generate the appropriate citation for your data
    > ### Aliases: neon_citation
    >
    > ### ** Examples
    >
    >
    > neon_citation("DP1.10003.001")
    National Ecological Observatory Network (2021). "Data Products:
    NEON.DP1.10003.001 . Provisional data downloaded from
    http://data.neonscience.org on 08 Apr 2021."
    >
    > ## or the citation for all products in store:
    > neon_citation()
    Error: 'R_user_dir' is not an exported object from 'namespace:tools'
    Execution halted
Flavor: r-oldrel-windows-ix86+x86_64

Version: 0.4.0
Check: tests
Result: ERROR
     Running 'spelling.R' [0s]
     Running 'testthat.R' [2s]
    Running the tests in 'tests/testthat.R' failed.
    Complete output:
     > library(testthat)
     > library(neonstore)
     >
     >
     > test_check("neonstore")
     == Skipped tests ===============================================================
     * On CRAN (18)
    
     == Failed tests ================================================================
     -- Error (test-api.R:6:3): neon_dir() ------------------------------------------
     Error: 'R_user_dir' is not an exported object from 'namespace:tools'
     Backtrace:
     x
     1. \-neonstore::neon_dir() test-api.R:6:2
     2. +-base::Sys.getenv("NEONSTORE_HOME", tools::R_user_dir("neonstore"))
     3. \-tools::R_user_dir
     4. \-base::getExportedValue(pkg, name)
     -- Error (test-db.R:10:3): neon_db ---------------------------------------------
     Error: 'R_user_dir' is not an exported object from 'namespace:tools'
     Backtrace:
     x
     1. \-neonstore::neon_db() test-db.R:10:2
     2. +-base::dir.exists(dir)
     3. \-neonstore::neon_db_dir()
     4. +-base::Sys.getenv(...)
     5. +-base::file.path(tools::R_user_dir("neonstore"), "duckdb")
     6. \-tools::R_user_dir
     7. \-base::getExportedValue(pkg, name)
    
     [ FAIL 2 | WARN 0 | SKIP 18 | PASS 24 ]
     Error: Test failures
     Execution halted
Flavor: r-oldrel-windows-ix86+x86_64