Last updated on 2024-04-23 22:55:29 CEST.
Flavor | Version | Tinstall | Tcheck | Ttotal | Status | Flags |
---|---|---|---|---|---|---|
r-devel-linux-x86_64-debian-clang | 1.0 | 11.05 | 65.06 | 76.11 | OK | |
r-devel-linux-x86_64-debian-gcc | 1.0 | 7.46 | 47.46 | 54.92 | OK | |
r-devel-linux-x86_64-fedora-clang | 1.0 | 99.04 | OK | |||
r-devel-linux-x86_64-fedora-gcc | 1.0 | 105.63 | OK | |||
r-prerel-macos-arm64 | 1.0 | 38.00 | OK | |||
r-prerel-windows-x86_64 | 1.0 | 9.00 | 66.00 | 75.00 | OK | |
r-patched-linux-x86_64 | 1.0 | 8.93 | 60.21 | 69.14 | OK | |
r-release-linux-x86_64 | 1.0 | 6.23 | 61.28 | 67.51 | OK | |
r-release-macos-arm64 | 1.0 | 39.00 | OK | |||
r-release-macos-x86_64 | 1.0 | 57.00 | OK | |||
r-release-windows-x86_64 | 1.0 | 13.00 | 72.00 | 85.00 | OK | |
r-oldrel-macos-arm64 | 1.0 | 9.00 | ERROR | |||
r-oldrel-windows-x86_64 | 1.0 | 14.00 | 83.00 | 97.00 | OK |
Version: 1.0
Check: package dependencies
Result: ERROR
Packages required and available but unsuitable versions: 'stats', 'utils'
See section ‘The DESCRIPTION file’ in the ‘Writing R Extensions’
manual.
Flavor: r-oldrel-macos-arm64