CRAN Package Check Results for Package netdiffuseR

Last updated on 2021-04-16 22:51:05 CEST.

Flavor Version Tinstall Tcheck Ttotal Status Flags
r-devel-linux-x86_64-debian-clang 1.22.0 163.83 346.57 510.40 OK
r-devel-linux-x86_64-debian-gcc 1.22.0 111.42 256.42 367.84 OK
r-devel-linux-x86_64-fedora-clang 1.22.0 675.13 NOTE
r-devel-linux-x86_64-fedora-gcc 1.22.0 643.86 OK
r-devel-windows-ix86+x86_64 1.22.0 352.00 329.00 681.00 NOTE --no-vignettes
r-devel-windows-x86_64-gcc10-UCRT 1.22.0 OK
r-patched-linux-x86_64 1.22.0 124.99 332.03 457.02 OK
r-patched-solaris-x86 1.22.0 689.30 OK
r-release-linux-x86_64 1.22.0 125.72 331.72 457.44 OK
r-release-macos-x86_64 1.22.0 NOTE
r-oldrel-macos-x86_64 1.22.0 NOTE
r-oldrel-windows-ix86+x86_64 1.22.0 225.00 383.00 608.00 NOTE --no-vignettes

Check Details

Version: 1.22.0
Check: installed package size
Result: NOTE
     installed size is 11.8Mb
     sub-directories of 1Mb or more:
     doc 2.2Mb
     libs 7.9Mb
Flavors: r-devel-linux-x86_64-fedora-clang, r-release-macos-x86_64, r-oldrel-macos-x86_64

Version: 1.22.0
Flags: --no-vignettes
Check: installed package size
Result: NOTE
     installed size is 6.8Mb
     sub-directories of 1Mb or more:
     doc 2.2Mb
     libs 2.9Mb
Flavors: r-devel-windows-ix86+x86_64, r-oldrel-windows-ix86+x86_64