Last updated on 2023-06-08 22:57:07 CEST.
Flavor | Version | Tinstall | Tcheck | Ttotal | Status | Flags |
---|---|---|---|---|---|---|
r-devel-linux-x86_64-debian-clang | 1.22.5 | 156.26 | 453.30 | 609.56 | NOTE | |
r-devel-linux-x86_64-debian-gcc | 1.22.5 | 129.84 | 336.27 | 466.11 | NOTE | |
r-devel-linux-x86_64-fedora-clang | 1.22.5 | 800.25 | NOTE | |||
r-devel-linux-x86_64-fedora-gcc | 1.22.5 | 805.70 | NOTE | |||
r-devel-windows-x86_64 | 1.22.5 | 119.00 | 224.00 | 343.00 | NOTE | --no-vignettes |
r-patched-linux-x86_64 | 1.22.5 | 101.71 | 436.18 | 537.89 | NOTE | |
r-release-linux-x86_64 | 1.22.5 | 116.89 | 428.82 | 545.71 | NOTE | |
r-release-macos-arm64 | 1.22.5 | 198.00 | NOTE | |||
r-release-macos-x86_64 | 1.22.5 | 335.00 | NOTE | |||
r-release-windows-x86_64 | 1.22.5 | 156.00 | 301.00 | 457.00 | NOTE | --no-vignettes |
r-oldrel-macos-arm64 | 1.22.5 | 148.00 | NOTE | |||
r-oldrel-macos-x86_64 | 1.22.5 | 228.00 | NOTE | |||
r-oldrel-windows-x86_64 | 1.22.5 | 153.00 | 271.00 | 424.00 | NOTE | --no-vignettes |
Version: 1.22.5
Check: C++ specification
Result: NOTE
Specified C++11: please drop specification unless essential
Flavors: r-devel-linux-x86_64-debian-clang, r-devel-linux-x86_64-debian-gcc, r-devel-linux-x86_64-fedora-clang, r-devel-linux-x86_64-fedora-gcc, r-patched-linux-x86_64, r-release-linux-x86_64, r-release-macos-arm64, r-release-macos-x86_64
Version: 1.22.5
Flags: --no-vignettes
Check: C++ specification
Result: NOTE
Specified C++11: please drop specification unless essential
Flavors: r-devel-windows-x86_64, r-release-windows-x86_64
Version: 1.22.5
Flags: --no-vignettes
Check: installed package size
Result: NOTE
installed size is 5.8Mb
sub-directories of 1Mb or more:
doc 2.5Mb
libs 1.5Mb
Flavors: r-devel-windows-x86_64, r-release-windows-x86_64, r-oldrel-windows-x86_64
Version: 1.22.5
Check: installed package size
Result: NOTE
installed size is 10.3Mb
sub-directories of 1Mb or more:
doc 2.5Mb
libs 6.0Mb
Flavors: r-release-macos-arm64, r-release-macos-x86_64, r-oldrel-macos-arm64, r-oldrel-macos-x86_64