CRAN Package Check Results for Package networkR

Last updated on 2023-09-25 22:12:45 CEST.

Flavor Version Tinstall Tcheck Ttotal Status Flags
r-devel-linux-x86_64-debian-clang 0.1.2 36.24 82.08 118.32 NOTE
r-devel-linux-x86_64-debian-gcc 0.1.2 28.05 60.88 88.93 NOTE
r-devel-linux-x86_64-fedora-clang 0.1.2 157.84 NOTE
r-devel-linux-x86_64-fedora-gcc 0.1.2 152.84 NOTE
r-devel-windows-x86_64 0.1.2 31.00 99.00 130.00 NOTE
r-patched-linux-x86_64 0.1.2 39.80 76.93 116.73 NOTE
r-release-linux-x86_64 0.1.2 33.25 76.57 109.82 NOTE
r-release-macos-arm64 0.1.2 44.00 NOTE
r-release-macos-x86_64 0.1.2 76.00 NOTE
r-release-windows-x86_64 0.1.2 38.00 115.00 153.00 NOTE
r-oldrel-macos-arm64 0.1.2 41.00 OK
r-oldrel-macos-x86_64 0.1.2 56.00 OK
r-oldrel-windows-x86_64 0.1.2 38.00 104.00 142.00 OK

Check Details

Version: 0.1.2
Check: C++ specification
Result: NOTE
     Specified C++11: please drop specification unless essential
Flavors: r-devel-linux-x86_64-debian-clang, r-devel-linux-x86_64-debian-gcc, r-devel-linux-x86_64-fedora-clang, r-devel-linux-x86_64-fedora-gcc, r-devel-windows-x86_64, r-patched-linux-x86_64, r-release-linux-x86_64, r-release-macos-arm64, r-release-macos-x86_64, r-release-windows-x86_64