Last updated on 2024-04-23 22:55:29 CEST.
Flavor | Version | Tinstall | Tcheck | Ttotal | Status | Flags |
---|---|---|---|---|---|---|
r-devel-linux-x86_64-debian-clang | 1.32.3 | 11.13 | 255.16 | 266.29 | NOTE | |
r-devel-linux-x86_64-debian-gcc | 1.32.3 | 8.47 | 184.16 | 192.63 | NOTE | |
r-devel-linux-x86_64-fedora-clang | 1.32.3 | 347.38 | NOTE | |||
r-devel-linux-x86_64-fedora-gcc | 1.32.3 | 345.40 | NOTE | |||
r-prerel-macos-arm64 | 1.32.3 | 133.00 | NOTE | |||
r-prerel-windows-x86_64 | 1.32.3 | 10.00 | 666.00 | 676.00 | NOTE | |
r-patched-linux-x86_64 | 1.32.3 | 14.65 | 251.57 | 266.22 | NOTE | |
r-release-linux-x86_64 | 1.32.3 | 10.71 | 245.14 | 255.85 | OK | |
r-release-macos-arm64 | 1.32.3 | 140.00 | OK | |||
r-release-macos-x86_64 | 1.32.3 | 237.00 | OK | |||
r-release-windows-x86_64 | 1.32.3 | 12.00 | 748.00 | 760.00 | OK | |
r-oldrel-macos-arm64 | 1.32.3 | 161.00 | OK | |||
r-oldrel-windows-x86_64 | 1.32.3 | 12.00 | 596.00 | 608.00 | OK |
Version: 1.32.3
Check: Rd files
Result: NOTE
checkRd: (-1) orient_rpi.Rd:23: Lost braces in \itemize; \value handles \item{}{} directly
checkRd: (-1) orient_rpi.Rd:24: Lost braces in \itemize; \value handles \item{}{} directly
checkRd: (-1) orient_rpi.Rd:25: Lost braces in \itemize; \value handles \item{}{} directly
Flavors: r-devel-linux-x86_64-debian-clang, r-devel-linux-x86_64-debian-gcc, r-devel-linux-x86_64-fedora-clang, r-devel-linux-x86_64-fedora-gcc, r-prerel-macos-arm64, r-prerel-windows-x86_64, r-patched-linux-x86_64