Last updated on 2023-06-09 22:58:33 CEST.
Flavor | Version | Tinstall | Tcheck | Ttotal | Status | Flags |
---|---|---|---|---|---|---|
r-devel-linux-x86_64-debian-clang | 1.6 | 37.83 | 86.12 | 123.95 | NOTE | |
r-devel-linux-x86_64-debian-gcc | 1.6 | 30.99 | 66.51 | 97.50 | NOTE | |
r-devel-linux-x86_64-fedora-clang | 1.6 | 158.07 | NOTE | |||
r-devel-linux-x86_64-fedora-gcc | 1.6 | 161.54 | NOTE | |||
r-devel-windows-x86_64 | 1.6 | 28.00 | 102.00 | 130.00 | NOTE | |
r-patched-linux-x86_64 | 1.6 | 32.53 | 84.50 | 117.03 | NOTE | |
r-release-linux-x86_64 | 1.6 | 28.84 | 83.59 | 112.43 | NOTE | |
r-release-macos-arm64 | 1.6 | 45.00 | NOTE | |||
r-release-macos-x86_64 | 1.5 | 84.00 | NOTE | |||
r-release-windows-x86_64 | 1.6 | 35.00 | 122.00 | 157.00 | NOTE | |
r-oldrel-macos-arm64 | 1.6 | 44.00 | OK | |||
r-oldrel-macos-x86_64 | 1.6 | 64.00 | OK | |||
r-oldrel-windows-x86_64 | 1.6 | 33.00 | 117.00 | 150.00 | OK |
Version: 1.6
Check: C++ specification
Result: NOTE
Specified C++14: please drop specification unless essential
Flavors: r-devel-linux-x86_64-debian-clang, r-devel-linux-x86_64-debian-gcc, r-devel-linux-x86_64-fedora-clang, r-devel-linux-x86_64-fedora-gcc, r-devel-windows-x86_64, r-patched-linux-x86_64, r-release-linux-x86_64, r-release-macos-arm64, r-release-windows-x86_64
Version: 1.5
Check: C++ specification
Result: NOTE
Specified C++11: please drop specification unless essential
Flavor: r-release-macos-x86_64