Last updated on 2024-05-03 22:53:19 CEST.
Flavor | Version | Tinstall | Tcheck | Ttotal | Status | Flags |
---|---|---|---|---|---|---|
r-devel-linux-x86_64-debian-clang | 0.1.4 | 4.15 | 53.80 | 57.95 | NOTE | |
r-devel-linux-x86_64-fedora-clang | 0.1.4 | 72.88 | NOTE | |||
r-devel-linux-x86_64-fedora-gcc | 0.1.4 | 101.55 | NOTE | |||
r-devel-windows-x86_64 | 0.1.4 | 5.00 | 95.00 | 100.00 | NOTE | |
r-patched-linux-x86_64 | 0.1.4 | 5.89 | 51.79 | 57.68 | NOTE | |
r-release-linux-x86_64 | 0.1.4 | 2.88 | 51.43 | 54.31 | NOTE | |
r-release-macos-arm64 | 0.1.4 | 57.00 | NOTE | |||
r-release-windows-x86_64 | 0.1.4 | 6.00 | 93.00 | 99.00 | NOTE | |
r-oldrel-macos-arm64 | 0.1.4 | 43.00 | NOTE | |||
r-oldrel-macos-x86_64 | 0.1.4 | 83.00 | NOTE | |||
r-oldrel-windows-x86_64 | 0.1.4 | 5.00 | 97.00 | 102.00 | NOTE |
Version: 0.1.4
Check: LazyData
Result: NOTE
'LazyData' is specified without a 'data' directory
Flavors: r-devel-linux-x86_64-debian-clang, r-devel-linux-x86_64-fedora-clang, r-devel-linux-x86_64-fedora-gcc, r-devel-windows-x86_64, r-patched-linux-x86_64, r-release-linux-x86_64, r-release-macos-arm64, r-release-windows-x86_64, r-oldrel-macos-arm64, r-oldrel-macos-x86_64, r-oldrel-windows-x86_64