Last updated on 2024-04-22 23:09:58 CEST.
Flavor | Version | Tinstall | Tcheck | Ttotal | Status | Flags |
---|---|---|---|---|---|---|
r-devel-linux-x86_64-debian-clang | 0.4-2 | 2.18 | 20.16 | 22.34 | OK | |
r-devel-linux-x86_64-debian-gcc | 0.4-2 | 1.82 | 15.72 | 17.54 | OK | |
r-devel-linux-x86_64-fedora-clang | 0.4-2 | 28.74 | NOTE | |||
r-devel-linux-x86_64-fedora-gcc | 0.4-2 | 27.58 | NOTE | |||
r-prerel-macos-arm64 | 0.4-2 | 14.00 | OK | |||
r-patched-linux-x86_64 | 0.4-2 | 1.79 | 19.03 | 20.82 | OK | |
r-release-linux-x86_64 | 0.4-2 | 2.08 | 19.22 | 21.30 | OK | |
r-release-macos-arm64 | 0.4-2 | 20.00 | OK | |||
r-release-macos-x86_64 | 0.4-2 | 34.00 | OK | |||
r-oldrel-macos-arm64 | 0.4-2 | 22.00 | OK |
Version: 0.4-2
Check: compiled code
Result: NOTE
File ‘nice/libs/nice.so’:
Found no calls to: ‘R_registerRoutines’, ‘R_useDynamicSymbols’
It is good practice to register native routines and to disable symbol
search.
See ‘Writing portable packages’ in the ‘Writing R Extensions’ manual.
Flavors: r-devel-linux-x86_64-fedora-clang, r-devel-linux-x86_64-fedora-gcc