CRAN Package Check Results for Package nimble

Last updated on 2018-09-23 22:47:05 CEST.

Flavor Version Tinstall Tcheck Ttotal Status Flags
r-devel-linux-x86_64-debian-clang 0.6-12 168.89 184.79 353.68 OK
r-devel-linux-x86_64-debian-gcc 0.6-12 136.48 145.27 281.75 OK
r-devel-linux-x86_64-fedora-clang 0.6-12 461.94 NOTE
r-devel-linux-x86_64-fedora-gcc 0.6-12 434.68 OK
r-devel-windows-ix86+x86_64 0.6-12 386.00 239.00 625.00 NOTE
r-patched-linux-x86_64 0.6-12 178.77 181.74 360.51 OK
r-patched-solaris-x86 0.6-12 522.60 NOTE
r-release-linux-x86_64 0.6-12 185.56 182.62 368.18 OK
r-release-windows-ix86+x86_64 0.6-12 296.00 238.00 534.00 NOTE
r-release-osx-x86_64 0.6-12 NOTE
r-oldrel-windows-ix86+x86_64 0.6-12 212.00 244.00 456.00 NOTE
r-oldrel-osx-x86_64 0.6-12 NOTE

Check Details

Version: 0.6-12
Check: installed package size
Result: NOTE
     installed size is 16.0Mb
     sub-directories of 1Mb or more:
     CppCode 1.1Mb
     R 5.5Mb
     classic-bugs 1.6Mb
     include 5.8Mb
     tests 1.3Mb
Flavors: r-devel-linux-x86_64-fedora-clang, r-devel-windows-ix86+x86_64, r-patched-solaris-x86, r-release-windows-ix86+x86_64, r-release-osx-x86_64, r-oldrel-windows-ix86+x86_64, r-oldrel-osx-x86_64