CRAN Package Check Results for Package nimble

Last updated on 2018-02-24 22:47:37 CET.

Flavor Version Tinstall Tcheck Ttotal Status Flags
r-devel-linux-x86_64-debian-clang 0.6-9 165.95 168.55 334.50 WARN
r-devel-linux-x86_64-debian-gcc 0.6-9 152.63 132.47 285.10 WARN
r-devel-linux-x86_64-fedora-clang 0.6-9 475.41 WARN
r-devel-linux-x86_64-fedora-gcc 0.6-9 429.25 WARN
r-devel-windows-ix86+x86_64 0.6-9 399.00 220.00 619.00 WARN
r-patched-linux-x86_64 0.6-9 104.23 196.14 300.37 OK
r-patched-solaris-x86 0.6-9 389.90 NOTE
r-release-linux-x86_64 0.6-9 108.25 188.99 297.24 OK
r-release-windows-ix86+x86_64 0.6-9 321.00 229.00 550.00 NOTE
r-release-osx-x86_64 0.6-9 NOTE
r-oldrel-windows-ix86+x86_64 0.6-9 238.00 167.00 405.00 NOTE
r-oldrel-osx-x86_64 0.6-8 NOTE

Check Details

Version: 0.6-9
Check: whether package can be installed
Result: WARN
    Found the following significant warnings:
     Note: break may be used in wrong context: no loop is visible
     Note: next may be used in wrong context: no loop is visible
Flavors: r-devel-linux-x86_64-debian-clang, r-devel-linux-x86_64-debian-gcc, r-devel-linux-x86_64-fedora-clang, r-devel-linux-x86_64-fedora-gcc, r-devel-windows-ix86+x86_64

Version: 0.6-9
Check: installed package size
Result: NOTE
     installed size is 16.1Mb
     sub-directories of 1Mb or more:
     CppCode 1.0Mb
     R 5.8Mb
     classic-bugs 1.6Mb
     include 5.8Mb
     tests 1.2Mb
Flavors: r-devel-linux-x86_64-fedora-clang, r-devel-linux-x86_64-fedora-gcc, r-devel-windows-ix86+x86_64, r-patched-solaris-x86, r-release-windows-ix86+x86_64, r-release-osx-x86_64, r-oldrel-windows-ix86+x86_64

Version: 0.6-8
Check: installed package size
Result: NOTE
     installed size is 31.9Mb
     sub-directories of 1Mb or more:
     CppCode 1.2Mb
     R 3.2Mb
     classic-bugs 1.5Mb
     include 5.6Mb
     libs 18.6Mb
     tests 1.2Mb
Flavor: r-oldrel-osx-x86_64