CRAN Package Check Results for Package nimble

Last updated on 2017-11-21 22:48:15 CET.

Flavor Version Tinstall Tcheck Ttotal Status Flags
r-devel-linux-x86_64-debian-clang 0.6-7 74.84 108.38 183.22 OK
r-devel-linux-x86_64-debian-gcc 0.6-7 83.60 223.14 306.75 OK
r-devel-linux-x86_64-fedora-clang 0.6-7 333.83 NOTE
r-devel-linux-x86_64-fedora-gcc 0.6-7 356.40 NOTE
r-devel-windows-ix86+x86_64 0.6-7 238.00 179.00 417.00 NOTE
r-patched-linux-x86_64 0.6-7 77.04 120.11 197.15 OK
r-patched-solaris-x86 0.6-7 359.20 ERROR
r-release-linux-x86_64 0.6-7 77.75 119.13 196.88 OK
r-release-windows-ix86+x86_64 0.6-7 239.00 180.00 419.00 NOTE
r-release-osx-x86_64 0.6-7 NOTE
r-oldrel-windows-ix86+x86_64 0.6-7 209.00 182.00 391.00 NOTE
r-oldrel-osx-x86_64 0.6-7 NOTE

Check Details

Version: 0.6-7
Check: installed package size
Result: NOTE
     installed size is 13.6Mb
     sub-directories of 1Mb or more:
     CppCode 1.0Mb
     R 3.4Mb
     classic-bugs 1.6Mb
     include 5.8Mb
     tests 1.2Mb
Flavors: r-devel-linux-x86_64-fedora-clang, r-devel-linux-x86_64-fedora-gcc, r-devel-windows-ix86+x86_64, r-patched-solaris-x86, r-release-windows-ix86+x86_64, r-release-osx-x86_64, r-oldrel-windows-ix86+x86_64, r-oldrel-osx-x86_64

Version: 0.6-7
Check: examples
Result: ERROR
    Running examples in ‘nimble-Ex.R’ failed
    The error most likely occurred in:
    
    > ### Name: withNimbleOptions
    > ### Title: Temporarily set some NIMBLE options.
    > ### Aliases: withNimbleOptions
    >
    > ### ** Examples
    >
    > if (!(getNimbleOption('showCompilerOutput') == FALSE)) stop()
    > nf <- nimbleFunction(run = function(){ return(0); returnType(double()) })
    > cnf <- withNimbleOptions(list(showCompilerOutput = TRUE), {
    + if (!(getNimbleOption('showCompilerOutput') == TRUE)) stop()
    + compileNimble(nf)
    + })
    make: Fatal error in reader: /home/ripley/R/Lib32/nimble/make/Makevars, line 7: Unexpected end of line seen
    Current working directory /tmp/RtmpAKaaYL/nimble_generatedCode
    Error: Failed to create the shared library
    Execution halted
Flavor: r-patched-solaris-x86