CRAN Package Check Results for Package nlme

Last updated on 2017-11-19 22:49:29.

Flavor Version Tinstall Tcheck Ttotal Status Flags
r-devel-linux-x86_64-debian-clang 3.1-131 18.15 132.78 150.93 OK
r-devel-linux-x86_64-debian-gcc 3.1-131 21.02 215.17 236.20 OK
r-devel-linux-x86_64-fedora-clang 3.1-131 286.73 OK
r-devel-linux-x86_64-fedora-gcc 3.1-131 287.42 OK
r-devel-windows-ix86+x86_64 3.1-131 64.00 351.00 415.00 OK
r-patched-linux-x86_64 3.1-131 17.99 135.93 153.91 OK
r-patched-solaris-x86 3.1-131 ERROR
r-release-linux-x86_64 3.1-131 18.20 136.20 154.40 OK
r-release-windows-ix86+x86_64 3.1-131 46.00 439.00 485.00 OK
r-release-osx-x86_64 3.1-131 OK
r-oldrel-windows-ix86+x86_64 3.1-131 46.00 409.00 455.00 OK
r-oldrel-osx-x86_64 3.1-131 OK

Check Details

Version: 3.1-131
Check: tests
Result: ERROR
     Running ‘anova.gls.R’
     Running ‘augPred_lab.R’ [45s/45s]
     Running ‘augPredmissing.R’
     Running ‘coef.R’
     Comparing ‘coef.Rout’ to ‘coef.Rout.save’ ... OK
     Running ‘contrMat.R’
     Running ‘data.frame.R’
     Running ‘deparse.R’
     Running ‘deviance.R’
     Running ‘fitted.R’
     Running ‘getData.R’
     Running ‘gls.R’
     Running ‘lmList.R’
     Running ‘lme.R’
     Comparing ‘lme.Rout’ to ‘lme.Rout.save’ ... OK
     Running ‘missing.R’
     Comparing ‘missing.Rout’ to ‘missing.Rout.save’ ... OK
     Running ‘nlme.R’
     Running ‘nlme2.R’
     Running ‘predict.lme.R’
     Running ‘sigma-fixed-etc.R’ [36s/36s]
    Running the tests in ‘tests/sigma-fixed-etc.R’ failed.
    Last 13 lines of output:
     > ##------------------------------------------------------ REML ---
     > method <- "REML"
     > cat("\nFixed sigma= ",sigma," estimation method ", method,"\n")
    
     Fixed sigma= 1 estimation method REML
     > t7.fix.REML.lme <- lme( current ~voltage + I(voltage^2), data = Wafer,
     + random = list(Wafer = pdDiag(~voltage + I(voltage^2)),
     + Site = pdDiag(~voltage + I(voltage^2)) ),
     + control = lmeControl(sigma = 1),
     + method = method)
     Error in lme.formula(current ~ voltage + I(voltage^2), data = Wafer, random = list(Wafer = pdDiag(~voltage + :
     nlminb problem, convergence error code = 1
     message = false convergence (8)
     Calls: lme -> lme.formula
     Execution halted
Flavor: r-patched-solaris-x86