CRAN Package Check Results for Package nlmrt

Last updated on 2025-01-17 22:50:24 CET.

Flavor Version Tinstall Tcheck Ttotal Status Flags
r-devel-linux-x86_64-debian-clang 2016.3.2 3.01 35.70 38.71 OK
r-devel-linux-x86_64-debian-gcc 2016.3.2 1.98 27.20 29.18 OK
r-devel-linux-x86_64-fedora-clang 2016.3.2 65.75 OK
r-devel-linux-x86_64-fedora-gcc 2016.3.2 80.30 OK
r-devel-windows-x86_64 2016.3.2 4.00 73.00 77.00 OK
r-patched-linux-x86_64 2016.3.2 2.90 34.01 36.91 NOTE
r-release-linux-x86_64 2016.3.2 2.83 33.96 36.79 NOTE
r-release-macos-arm64 2016.3.2 28.00 NOTE
r-release-macos-x86_64 2016.3.2 45.00 NOTE
r-release-windows-x86_64 2016.3.2 5.00 75.00 80.00 OK
r-oldrel-macos-arm64 2016.3.2 30.00 OK
r-oldrel-macos-x86_64 2016.3.2 46.00 OK
r-oldrel-windows-x86_64 2016.3.2 4.00 64.00 68.00 OK

Check Details

Version: 2016.3.2
Check: package dependencies
Result: NOTE Packages suggested but not available for checking: 'Rvmmin', 'Rcgmin' Flavors: r-patched-linux-x86_64, r-release-linux-x86_64, r-release-macos-arm64, r-release-macos-x86_64