CRAN Package Check Results for Package nlreg

Last updated on 2018-07-17 22:50:47 CEST.

Flavor Version Tinstall Tcheck Ttotal Status Flags
r-devel-linux-x86_64-debian-clang 1.2-2.1 8.26 85.23 93.49 NOTE
r-devel-linux-x86_64-debian-gcc 1.2-2.1 8.04 67.02 75.06 NOTE
r-devel-linux-x86_64-fedora-clang 1.2-2.1 111.09 NOTE
r-devel-linux-x86_64-fedora-gcc 1.2-2.1 107.76 NOTE
r-devel-windows-ix86+x86_64 1.2-2.1 18.00 120.00 138.00 OK
r-patched-linux-x86_64 1.2-2.1 8.41 77.00 85.41 NOTE
r-patched-solaris-x86 1.2-2.1 149.00 NOTE
r-release-linux-x86_64 1.2-2.1 7.42 76.76 84.18 NOTE
r-release-windows-ix86+x86_64 1.2-2.1 18.00 110.00 128.00 OK
r-release-osx-x86_64 1.2-2.1 OK
r-oldrel-windows-ix86+x86_64 1.2-2.1 9.00 83.00 92.00 OK
r-oldrel-osx-x86_64 1.2-2.1 OK

Check Details

Version: 1.2-2.1
Check: S3 generic/method consistency
Result: NOTE
    Found the following apparent S3 methods exported but not registered:
     all.profiles.nlreg fitted.values.nlreg
    See section ‘Registering S3 methods’ in the ‘Writing R Extensions’
    manual.
Flavors: r-devel-linux-x86_64-debian-clang, r-devel-linux-x86_64-debian-gcc, r-devel-linux-x86_64-fedora-clang, r-devel-linux-x86_64-fedora-gcc, r-patched-linux-x86_64, r-patched-solaris-x86, r-release-linux-x86_64