CRAN Package Check Results for Package nlreg

Last updated on 2018-10-16 22:56:26 CEST.

Flavor Version Tinstall Tcheck Ttotal Status Flags
r-devel-linux-x86_64-debian-clang 1.2-2.1 7.41 87.21 94.62 NOTE
r-devel-linux-x86_64-debian-gcc 1.2-2.1 8.08 68.54 76.62 NOTE
r-devel-linux-x86_64-fedora-clang 1.2-2.1 112.59 NOTE
r-devel-linux-x86_64-fedora-gcc 1.2-2.1 112.99 NOTE
r-devel-windows-ix86+x86_64 1.2-2.1 18.00 126.00 144.00 OK
r-patched-linux-x86_64 1.2-2.1 8.52 76.25 84.77 NOTE
r-patched-solaris-x86 1.2-2.1 147.30 NOTE
r-release-linux-x86_64 1.2-2.1 9.56 76.03 85.59 NOTE
r-release-windows-ix86+x86_64 1.2-2.1 20.00 117.00 137.00 OK
r-release-osx-x86_64 1.2-2.1 OK
r-oldrel-windows-ix86+x86_64 1.2-2.1 12.00 90.00 102.00 OK
r-oldrel-osx-x86_64 1.2-2.1 OK

Check Details

Version: 1.2-2.1
Check: S3 generic/method consistency
Result: NOTE
    Found the following apparent S3 methods exported but not registered:
     all.profiles.nlreg fitted.values.nlreg
    See section ‘Registering S3 methods’ in the ‘Writing R Extensions’
    manual.
Flavors: r-devel-linux-x86_64-debian-clang, r-devel-linux-x86_64-debian-gcc, r-devel-linux-x86_64-fedora-clang, r-devel-linux-x86_64-fedora-gcc, r-patched-linux-x86_64, r-patched-solaris-x86, r-release-linux-x86_64