CRAN Package Check Results for Package nmadb

Last updated on 2021-03-02 22:57:02 CET.

Flavor Version Tinstall Tcheck Ttotal Status Flags
r-devel-linux-x86_64-debian-clang 1.2.0 OK
r-devel-linux-x86_64-debian-gcc 1.2.0 1.57 25.75 27.32 OK
r-devel-linux-x86_64-fedora-clang 1.2.0 51.91 NOTE
r-devel-linux-x86_64-fedora-gcc 1.2.0 41.61 NOTE
r-devel-windows-ix86+x86_64 1.2.0 6.00 62.00 68.00 OK
r-patched-linux-x86_64 1.2.0 2.16 32.77 34.93 OK
r-patched-solaris-x86 1.2.0 63.60 NOTE
r-release-linux-x86_64 1.2.0 2.20 33.10 35.30 OK
r-release-macos-x86_64 1.2.0 NOTE
r-release-windows-ix86+x86_64 1.2.0 6.00 48.00 54.00 OK
r-oldrel-macos-x86_64 1.2.0 NOTE
r-oldrel-windows-ix86+x86_64 1.2.0 4.00 50.00 54.00 OK

Check Details

Version: 1.2.0
Check: dependencies in R code
Result: NOTE
    Namespaces in Imports field not imported from:
     ‘devtools’ ‘jsonlite’
     All declared Imports should be used.
Flavors: r-devel-linux-x86_64-fedora-clang, r-devel-linux-x86_64-fedora-gcc, r-patched-solaris-x86, r-release-macos-x86_64, r-oldrel-macos-x86_64