CRAN Package Check Results for Package nnfor

Last updated on 2019-08-22 22:47:00 CEST.

Flavor Version Tinstall Tcheck Ttotal Status Flags
r-devel-linux-x86_64-debian-clang 0.9.6 7.48 66.88 74.36 OK
r-devel-linux-x86_64-debian-gcc 0.9.6 6.85 51.44 58.29 OK
r-devel-linux-x86_64-fedora-clang 0.9.6 92.13 NOTE
r-devel-linux-x86_64-fedora-gcc 0.9.6 89.37 NOTE
r-devel-windows-ix86+x86_64 0.9.6 34.00 117.00 151.00 OK
r-patched-linux-x86_64 0.9.6 8.44 64.79 73.23 OK
r-patched-solaris-x86 0.9.6 119.90 NOTE
r-release-linux-x86_64 0.9.6 7.51 65.15 72.66 OK
r-release-windows-ix86+x86_64 0.9.6 32.00 128.00 160.00 OK
r-release-osx-x86_64 0.9.6 NOTE
r-oldrel-windows-ix86+x86_64 0.9.6 21.00 112.00 133.00 OK
r-oldrel-osx-x86_64 0.9.6 NOTE

Check Details

Version: 0.9.6
Check: dependencies in R code
Result: NOTE
    Namespace in Imports field not imported from: ‘uroot’
     All declared Imports should be used.
Flavors: r-devel-linux-x86_64-fedora-clang, r-devel-linux-x86_64-fedora-gcc, r-patched-solaris-x86, r-release-osx-x86_64, r-oldrel-osx-x86_64