CRAN Package Check Results for Package nnls

Last updated on 2018-10-17 22:51:45 CEST.

Flavor Version Tinstall Tcheck Ttotal Status Flags
r-devel-linux-x86_64-debian-clang 1.4 1.90 17.17 19.07 OK
r-devel-linux-x86_64-debian-gcc 1.4 1.51 14.15 15.66 OK
r-devel-linux-x86_64-fedora-clang 1.4 23.14 NOTE
r-devel-linux-x86_64-fedora-gcc 1.4 21.90 NOTE
r-devel-windows-ix86+x86_64 1.4 13.00 58.00 71.00 OK
r-patched-linux-x86_64 1.4 1.72 15.80 17.52 OK
r-patched-solaris-x86 1.4 32.80 OK
r-release-linux-x86_64 1.4 1.62 16.02 17.64 OK
r-release-windows-ix86+x86_64 1.4 14.00 34.00 48.00 OK
r-release-osx-x86_64 1.4 OK
r-oldrel-windows-ix86+x86_64 1.4 7.00 29.00 36.00 OK
r-oldrel-osx-x86_64 1.4 OK

Check Details

Version: 1.4
Check: compiled code
Result: NOTE
    File ‘nnls/libs/nnls.so’:
     Found no calls to: ‘R_registerRoutines’, ‘R_useDynamicSymbols’
    
    It is good practice to register native routines and to disable symbol
    search.
    
    See ‘Writing portable packages’ in the ‘Writing R Extensions’ manual.
Flavors: r-devel-linux-x86_64-fedora-clang, r-devel-linux-x86_64-fedora-gcc