CRAN Package Check Results for Package nnls

Last updated on 2017-11-17 22:47:24.

Flavor Version Tinstall Tcheck Ttotal Status Flags
r-devel-linux-x86_64-debian-clang 1.4 1.21 10.29 11.50 NOTE
r-devel-linux-x86_64-debian-gcc 1.4 2.10 11.37 13.47 NOTE
r-devel-linux-x86_64-fedora-clang 1.4 19.10 NOTE
r-devel-linux-x86_64-fedora-gcc 1.4 17.75 NOTE
r-devel-windows-ix86+x86_64 1.4 14.00 32.00 46.00 OK
r-patched-linux-x86_64 1.4 1.18 10.35 11.53 NOTE
r-patched-solaris-x86 1.4 31.70 OK
r-release-linux-x86_64 1.4 1.32 10.45 11.77 NOTE
r-release-windows-ix86+x86_64 1.4 7.00 29.00 36.00 OK
r-release-osx-x86_64 1.4 OK
r-oldrel-windows-ix86+x86_64 1.4 5.00 26.00 31.00 OK
r-oldrel-osx-x86_64 1.4 OK

Check Details

Version: 1.4
Check: compiled code
Result: NOTE
    File ‘nnls/libs/nnls.so’:
     Found no calls to: ‘R_registerRoutines’, ‘R_useDynamicSymbols’
    
    It is good practice to register native routines and to disable symbol
    search.
    
    See ‘Writing portable packages’ in the ‘Writing R Extensions’ manual.
Flavors: r-devel-linux-x86_64-debian-clang, r-devel-linux-x86_64-debian-gcc, r-devel-linux-x86_64-fedora-clang, r-devel-linux-x86_64-fedora-gcc, r-patched-linux-x86_64, r-release-linux-x86_64