CRAN Package Check Results for Package nnls

Last updated on 2019-06-17 22:52:06 CEST.

Flavor Version Tinstall Tcheck Ttotal Status Flags
r-devel-linux-x86_64-debian-clang 1.4 2.36 16.68 19.04 OK
r-devel-linux-x86_64-debian-gcc 1.4 1.76 13.78 15.54 OK
r-devel-linux-x86_64-fedora-clang 1.4 23.91 NOTE
r-devel-linux-x86_64-fedora-gcc 1.4 22.65 NOTE
r-devel-windows-ix86+x86_64 1.4 10.00 37.00 47.00 OK
r-patched-linux-x86_64 1.4 2.37 16.68 19.05 OK
r-patched-solaris-x86 1.4 37.60 OK
r-release-linux-x86_64 1.4 2.36 16.79 19.15 OK
r-release-windows-ix86+x86_64 1.4 8.00 46.00 54.00 OK
r-release-osx-x86_64 1.4 OK
r-oldrel-windows-ix86+x86_64 1.4 7.00 31.00 38.00 OK
r-oldrel-osx-x86_64 1.4 OK

Check Details

Version: 1.4
Check: compiled code
Result: NOTE
    File ‘nnls/libs/nnls.so’:
     Found no calls to: ‘R_registerRoutines’, ‘R_useDynamicSymbols’
    
    It is good practice to register native routines and to disable symbol
    search.
    
    See ‘Writing portable packages’ in the ‘Writing R Extensions’ manual.
Flavors: r-devel-linux-x86_64-fedora-clang, r-devel-linux-x86_64-fedora-gcc