CRAN Package Check Results for Package nnls

Last updated on 2018-04-23 22:47:41 CEST.

Flavor Version Tinstall Tcheck Ttotal Status Flags
r-devel-linux-x86_64-debian-clang 1.4 1.63 13.48 15.11 NOTE
r-devel-linux-x86_64-debian-gcc 1.4 1.48 12.72 14.20 NOTE
r-devel-linux-x86_64-fedora-clang 1.4 21.25 NOTE
r-devel-linux-x86_64-fedora-gcc 1.4 20.34 NOTE
r-devel-windows-ix86+x86_64 1.4 14.00 34.00 48.00 OK
r-devel-osx-x86_64 1.4 OK
r-patched-linux-x86_64 1.4 1.78 15.51 17.29 NOTE
r-patched-solaris-x86 1.4 35.60 OK
r-release-linux-x86_64 1.4 1.61 14.81 16.42 NOTE
r-release-windows-ix86+x86_64 1.4 7.00 29.00 36.00 OK
r-release-osx-x86_64 1.4 OK
r-oldrel-windows-ix86+x86_64 1.4 5.00 26.00 31.00 OK

Check Details

Version: 1.4
Check: compiled code
Result: NOTE
    File ‘nnls/libs/nnls.so’:
     Found no calls to: ‘R_registerRoutines’, ‘R_useDynamicSymbols’
    
    It is good practice to register native routines and to disable symbol
    search.
    
    See ‘Writing portable packages’ in the ‘Writing R Extensions’ manual.
Flavors: r-devel-linux-x86_64-debian-clang, r-devel-linux-x86_64-debian-gcc, r-devel-linux-x86_64-fedora-clang, r-devel-linux-x86_64-fedora-gcc, r-patched-linux-x86_64, r-release-linux-x86_64