CRAN Package Check Results for Package nnls

Last updated on 2018-07-20 22:50:28 CEST.

Flavor Version Tinstall Tcheck Ttotal Status Flags
r-devel-linux-x86_64-debian-clang 1.4 1.89 16.73 18.62 NOTE
r-devel-linux-x86_64-debian-gcc 1.4 1.32 13.61 14.93 NOTE
r-devel-linux-x86_64-fedora-clang 1.4 21.71 NOTE
r-devel-linux-x86_64-fedora-gcc 1.4 20.60 NOTE
r-devel-windows-ix86+x86_64 1.4 10.00 38.00 48.00 OK
r-patched-linux-x86_64 1.4 1.68 15.88 17.56 NOTE
r-patched-solaris-x86 1.4 33.60 OK
r-release-linux-x86_64 1.4 1.63 15.99 17.62 NOTE
r-release-windows-ix86+x86_64 1.4 14.00 34.00 48.00 OK
r-release-osx-x86_64 1.4 OK
r-oldrel-windows-ix86+x86_64 1.4 7.00 29.00 36.00 OK
r-oldrel-osx-x86_64 1.4 OK

Check Details

Version: 1.4
Check: compiled code
Result: NOTE
    File ‘nnls/libs/nnls.so’:
     Found no calls to: ‘R_registerRoutines’, ‘R_useDynamicSymbols’
    
    It is good practice to register native routines and to disable symbol
    search.
    
    See ‘Writing portable packages’ in the ‘Writing R Extensions’ manual.
Flavors: r-devel-linux-x86_64-debian-clang, r-devel-linux-x86_64-debian-gcc, r-devel-linux-x86_64-fedora-clang, r-devel-linux-x86_64-fedora-gcc, r-patched-linux-x86_64, r-release-linux-x86_64