CRAN Package Check Results for Package noah

Last updated on 2024-04-19 22:55:54 CEST.

Flavor Version Tinstall Tcheck Ttotal Status Flags
r-devel-linux-x86_64-debian-clang 0.1.0 2.93 53.88 56.81 NOTE
r-devel-linux-x86_64-debian-gcc 0.1.0 NOTE
r-devel-linux-x86_64-fedora-clang 0.1.0 70.26 NOTE
r-devel-linux-x86_64-fedora-gcc 0.1.0 67.72 NOTE
r-prerel-macos-arm64 0.1.0 28.00 NOTE
r-prerel-windows-x86_64 0.1.0 6.00 66.00 72.00 NOTE
r-patched-linux-x86_64 0.1.0 3.64 51.86 55.50 NOTE
r-release-linux-x86_64 0.1.0 3.37 50.31 53.68 NOTE
r-release-macos-arm64 0.1.0 29.00 NOTE
r-release-macos-x86_64 0.1.0 38.00 NOTE
r-release-windows-x86_64 0.1.0 6.00 69.00 75.00 NOTE
r-oldrel-macos-arm64 0.1.0 22.00 NOTE
r-oldrel-windows-x86_64 0.1.0 6.00 67.00 73.00 NOTE

Check Details

Version: 0.1.0
Check: LazyData
Result: NOTE 'LazyData' is specified without a 'data' directory Flavors: r-devel-linux-x86_64-debian-clang, r-devel-linux-x86_64-debian-gcc, r-devel-linux-x86_64-fedora-clang, r-devel-linux-x86_64-fedora-gcc, r-prerel-macos-arm64, r-prerel-windows-x86_64, r-patched-linux-x86_64, r-release-linux-x86_64, r-release-macos-arm64, r-release-macos-x86_64, r-release-windows-x86_64, r-oldrel-macos-arm64, r-oldrel-windows-x86_64

Version: 0.1.0
Check: dependencies in R code
Result: NOTE Namespaces in Imports field not imported from: ‘R6’ ‘crayon’ ‘digest’ ‘hash’ All declared Imports should be used. Flavors: r-devel-linux-x86_64-fedora-clang, r-devel-linux-x86_64-fedora-gcc, r-oldrel-macos-arm64