CRAN Package Check Results for Package nodbi

Last updated on 2019-08-18 22:47:02 CEST.

Flavor Version Tinstall Tcheck Ttotal Status Flags
r-devel-linux-x86_64-debian-clang 0.2.0 3.02 27.42 30.44 OK
r-devel-linux-x86_64-debian-gcc 0.2.0 2.37 21.79 24.16 OK
r-devel-linux-x86_64-fedora-clang 0.2.0 38.32 OK
r-devel-linux-x86_64-fedora-gcc 0.2.0 34.33 OK
r-devel-windows-ix86+x86_64 0.2.0 10.00 59.00 69.00 OK
r-patched-linux-x86_64 0.2.0 2.62 26.35 28.97 OK
r-patched-solaris-x86 0.2.0 59.50 NOTE
r-release-linux-x86_64 0.2.0 2.41 26.54 28.95 OK
r-release-windows-ix86+x86_64 0.2.0 6.00 42.00 48.00 OK
r-release-osx-x86_64 0.2.0 OK
r-oldrel-windows-ix86+x86_64 0.2.0 5.00 56.00 61.00 OK
r-oldrel-osx-x86_64 0.2.0 OK

Check Details

Version: 0.2.0
Check: package dependencies
Result: NOTE
    Package suggested but not available for checking: ‘redux’
Flavor: r-patched-solaris-x86

Version: 0.2.0
Check: Rd cross-references
Result: NOTE
    Package unavailable to check Rd xrefs: ‘redux’
Flavor: r-patched-solaris-x86