Last updated on 2024-04-18 22:52:50 CEST.
Flavor | Version | Tinstall | Tcheck | Ttotal | Status | Flags |
---|---|---|---|---|---|---|
r-devel-linux-x86_64-debian-clang | 0.97.3 | 4.44 | 39.10 | 43.54 | NOTE | |
r-devel-linux-x86_64-debian-gcc | 0.97.3 | 3.41 | 29.05 | 32.46 | NOTE | |
r-devel-linux-x86_64-fedora-clang | 0.97.3 | 54.00 | NOTE | |||
r-devel-linux-x86_64-fedora-gcc | 0.97.3 | 52.03 | NOTE | |||
r-prerel-macos-arm64 | 0.97.3 | 20.00 | NOTE | |||
r-prerel-windows-x86_64 | 0.97.3 | 4.00 | 55.00 | 59.00 | NOTE | |
r-patched-linux-x86_64 | 0.97.3 | 4.82 | 37.64 | 42.46 | NOTE | |
r-release-linux-x86_64 | 0.97.3 | 3.73 | 38.07 | 41.80 | OK | |
r-release-macos-arm64 | 0.97.3 | 22.00 | OK | |||
r-release-macos-x86_64 | 0.97.3 | 29.00 | OK | |||
r-release-windows-x86_64 | 0.97.3 | 6.00 | 56.00 | 62.00 | OK | |
r-oldrel-macos-arm64 | 0.97.3 | 22.00 | OK | |||
r-oldrel-windows-x86_64 | 0.97.3 | 21.00 | 64.00 | 85.00 | OK |
Version: 0.97.3
Check: Rd files
Result: NOTE
checkRd: (-1) simulatePop.Rd:40: Lost braces in \itemize; meant \describe ?
checkRd: (-1) simulatePop.Rd:41: Lost braces in \itemize; meant \describe ?
checkRd: (-1) simulatePop.Rd:42: Lost braces in \itemize; meant \describe ?
checkRd: (-1) simulatePop.Rd:43: Lost braces in \itemize; meant \describe ?
checkRd: (-1) simulatePop.Rd:44: Lost braces in \itemize; meant \describe ?
checkRd: (-1) simulatePop.Rd:45: Lost braces in \itemize; meant \describe ?
Flavors: r-devel-linux-x86_64-debian-clang, r-devel-linux-x86_64-debian-gcc, r-devel-linux-x86_64-fedora-clang, r-devel-linux-x86_64-fedora-gcc, r-prerel-macos-arm64, r-prerel-windows-x86_64, r-patched-linux-x86_64