CRAN Package Check Results for Package nonlinearTseries

Last updated on 2024-02-24 21:40:27 CET.

Flavor Version Tinstall Tcheck Ttotal Status Flags
r-devel-linux-x86_64-debian-clang 0.2.12 172.05 128.70 300.75 NOTE
r-devel-linux-x86_64-debian-gcc 0.2.12 117.89 97.50 215.39 NOTE
r-devel-linux-x86_64-fedora-clang 0.2.12 439.44 NOTE
r-devel-linux-x86_64-fedora-gcc 0.2.12 422.87 NOTE
r-devel-windows-x86_64 0.2.12 121.00 138.00 259.00 NOTE
r-patched-linux-x86_64 0.2.12 161.50 126.28 287.78 NOTE
r-release-linux-x86_64 0.2.12 154.75 124.06 278.81 NOTE
r-release-macos-arm64 0.2.12 91.00 NOTE
r-release-macos-x86_64 0.2.12 162.00 NOTE
r-release-windows-x86_64 0.2.12 153.00 163.00 316.00 NOTE
r-oldrel-macos-arm64 0.2.12 103.00 OK
r-oldrel-windows-x86_64 0.2.12 156.00 149.00 305.00 OK

Check Details

Version: 0.2.12
Check: C++ specification
Result: NOTE Specified C++11: please drop specification unless essential Flavors: r-devel-linux-x86_64-debian-clang, r-devel-linux-x86_64-debian-gcc, r-devel-linux-x86_64-fedora-clang, r-devel-linux-x86_64-fedora-gcc, r-devel-windows-x86_64, r-patched-linux-x86_64, r-release-linux-x86_64, r-release-macos-arm64, r-release-macos-x86_64, r-release-windows-x86_64