Last updated on 2024-04-19 22:55:55 CEST.
Flavor | Version | Tinstall | Tcheck | Ttotal | Status | Flags |
---|---|---|---|---|---|---|
r-devel-linux-x86_64-debian-clang | 1.0.2 | 2.56 | 25.20 | 27.76 | NOTE | |
r-devel-linux-x86_64-debian-gcc | 1.0.2 | NOTE | ||||
r-devel-linux-x86_64-fedora-clang | 1.0.2 | 34.28 | NOTE | |||
r-devel-linux-x86_64-fedora-gcc | 1.0.2 | 34.52 | NOTE | |||
r-prerel-macos-arm64 | 1.0.2 | 16.00 | NOTE | |||
r-prerel-windows-x86_64 | 1.0.2 | 3.00 | 41.00 | 44.00 | NOTE | |
r-patched-linux-x86_64 | 1.0.2 | 1.87 | 23.99 | 25.86 | NOTE | |
r-release-linux-x86_64 | 1.0.2 | 2.31 | 23.43 | 25.74 | NOTE | |
r-release-macos-arm64 | 1.0.2 | 16.00 | NOTE | |||
r-release-macos-x86_64 | 1.0.2 | 21.00 | NOTE | |||
r-release-windows-x86_64 | 1.0.2 | 4.00 | 41.00 | 45.00 | NOTE | |
r-oldrel-macos-arm64 | 1.0.2 | 18.00 | NOTE | |||
r-oldrel-windows-x86_64 | 1.0.2 | 6.00 | 46.00 | 52.00 | NOTE |
Version: 1.0.2
Check: LazyData
Result: NOTE
'LazyData' is specified without a 'data' directory
Flavors: r-devel-linux-x86_64-debian-clang, r-devel-linux-x86_64-debian-gcc, r-devel-linux-x86_64-fedora-clang, r-devel-linux-x86_64-fedora-gcc, r-prerel-macos-arm64, r-prerel-windows-x86_64, r-patched-linux-x86_64, r-release-linux-x86_64, r-release-macos-arm64, r-release-macos-x86_64, r-release-windows-x86_64, r-oldrel-macos-arm64, r-oldrel-windows-x86_64