Last updated on 2023-02-07 23:07:55 CET.
Flavor | Version | Tinstall | Tcheck | Ttotal | Status | Flags |
---|---|---|---|---|---|---|
r-devel-linux-x86_64-debian-clang | 1.1.0 | 5.52 | 255.92 | 261.44 | OK | |
r-devel-linux-x86_64-debian-gcc | 1.1.0 | 4.26 | 176.15 | 180.41 | OK | |
r-devel-linux-x86_64-fedora-clang | 1.1.0 | 303.44 | OK | |||
r-devel-linux-x86_64-fedora-gcc | 1.1.0 | 291.03 | OK | |||
r-devel-windows-x86_64 | 1.1.0 | 34.00 | 303.00 | 337.00 | OK | |
r-patched-linux-x86_64 | 1.1.0 | 7.05 | 223.06 | 230.11 | OK | |
r-release-linux-x86_64 | 1.1.0 | 3.97 | 212.75 | 216.72 | OK | |
r-release-macos-arm64 | 1.1.0 | 61.00 | NOTE | |||
r-release-macos-x86_64 | 1.1.0 | 100.00 | OK | |||
r-release-windows-x86_64 | 1.1.0 | 39.00 | 308.00 | 347.00 | OK | |
r-oldrel-macos-arm64 | 1.1.0 | 77.00 | NOTE | |||
r-oldrel-macos-x86_64 | 1.1.0 | 83.00 | NOTE | |||
r-oldrel-windows-ix86+x86_64 | 1.1.0 | 11.00 | 283.00 | 294.00 | OK |
Version: 1.1.0
Check: package dependencies
Result: NOTE
Packages suggested but not available for checking: 'treeio', 'ggtree'
Flavors: r-release-macos-arm64, r-oldrel-macos-arm64, r-oldrel-macos-x86_64
Version: 1.1.0
Check: Rd cross-references
Result: NOTE
Package unavailable to check Rd xrefs: ‘treeio’
Flavors: r-release-macos-arm64, r-oldrel-macos-arm64, r-oldrel-macos-x86_64