Last updated on 2023-09-22 23:05:05 CEST.
Flavor | Version | Tinstall | Tcheck | Ttotal | Status | Flags |
---|---|---|---|---|---|---|
r-devel-linux-x86_64-debian-clang | 3.4 | 15.68 | 85.63 | 101.31 | NOTE | |
r-devel-linux-x86_64-debian-gcc | 3.4 | 15.17 | 61.35 | 76.52 | NOTE | |
r-devel-linux-x86_64-fedora-clang | 3.4 | 125.78 | NOTE | |||
r-devel-linux-x86_64-fedora-gcc | 3.4 | 118.93 | NOTE | |||
r-devel-windows-x86_64 | 3.4 | 19.00 | 84.00 | 103.00 | NOTE | |
r-patched-linux-x86_64 | 3.4 | 14.40 | 79.28 | 93.68 | OK | |
r-release-linux-x86_64 | 3.4 | 16.01 | 80.68 | 96.69 | OK | |
r-release-macos-arm64 | 3.4 | 39.00 | OK | |||
r-release-macos-x86_64 | 3.4 | 96.00 | OK | |||
r-release-windows-x86_64 | 3.4 | 23.00 | 93.00 | 116.00 | OK | |
r-oldrel-macos-arm64 | 3.4 | 43.00 | OK | |||
r-oldrel-macos-x86_64 | 3.4 | 52.00 | OK | |||
r-oldrel-windows-x86_64 | 3.4 | 24.00 | 89.00 | 113.00 | OK |
Version: 3.4
Check: Rd \usage sections
Result: NOTE
Documented arguments not in \usage in documentation object 'read':
‘dots’
Functions with \usage entries need to have the appropriate \alias
entries, and all their arguments documented.
The \usage entries must correspond to syntactically valid R code.
See chapter ‘Writing R documentation files’ in the ‘Writing R
Extensions’ manual.
Flavors: r-devel-linux-x86_64-debian-clang, r-devel-linux-x86_64-debian-gcc, r-devel-linux-x86_64-fedora-clang, r-devel-linux-x86_64-fedora-gcc, r-devel-windows-x86_64