CRAN Package Check Results for Package nppbib

Last updated on 2017-11-21 22:48:16 CET.

Flavor Version Tinstall Tcheck Ttotal Status Flags
r-devel-linux-x86_64-debian-clang 1.0-0 0.60 9.50 10.10 NOTE
r-devel-linux-x86_64-debian-gcc 1.0-0 0.62 27.64 28.26 NOTE
r-devel-linux-x86_64-fedora-clang 1.0-0 15.99 NOTE
r-devel-linux-x86_64-fedora-gcc 1.0-0 16.51 NOTE
r-devel-windows-ix86+x86_64 1.0-0 4.00 23.00 27.00 NOTE
r-patched-linux-x86_64 1.0-0 0.61 9.79 10.40 NOTE
r-patched-solaris-x86 1.0-0 24.60 NOTE
r-release-linux-x86_64 1.0-0 0.54 9.58 10.12 NOTE
r-release-windows-ix86+x86_64 1.0-0 3.00 23.00 26.00 NOTE
r-release-osx-x86_64 1.0-0 NOTE
r-oldrel-windows-ix86+x86_64 1.0-0 2.00 22.00 24.00 NOTE
r-oldrel-osx-x86_64 1.0-0 NOTE

Check Details

Version: 1.0-0
Check: R code for possible problems
Result: NOTE
    nppbib: no visible global function definition for ‘read.table’
    nppbib: no visible global function definition for ‘pchisq’
    Undefined global functions or variables:
     pchisq read.table
    Consider adding
     importFrom("stats", "pchisq")
     importFrom("utils", "read.table")
    to your NAMESPACE file.
Flavors: r-devel-linux-x86_64-debian-clang, r-devel-linux-x86_64-debian-gcc, r-devel-linux-x86_64-fedora-clang, r-devel-linux-x86_64-fedora-gcc, r-devel-windows-ix86+x86_64, r-patched-linux-x86_64, r-patched-solaris-x86, r-release-linux-x86_64, r-release-windows-ix86+x86_64, r-release-osx-x86_64, r-oldrel-windows-ix86+x86_64, r-oldrel-osx-x86_64