Last updated on 2023-12-01 21:54:13 CET.
Flavor | Version | Tinstall | Tcheck | Ttotal | Status | Flags |
---|---|---|---|---|---|---|
r-devel-linux-x86_64-debian-clang | 0.4.0 | 50.84 | 68.70 | 119.54 | NOTE | |
r-devel-linux-x86_64-debian-gcc | 0.4.0 | 35.93 | 50.44 | 86.37 | NOTE | |
r-devel-linux-x86_64-fedora-clang | 0.4.0 | 156.22 | NOTE | |||
r-devel-linux-x86_64-fedora-gcc | 0.4.0 | 150.73 | NOTE | |||
r-devel-windows-x86_64 | 0.4.0 | 38.00 | 86.00 | 124.00 | NOTE | |
r-patched-linux-x86_64 | 0.4.0 | 36.70 | 64.59 | 101.29 | NOTE | |
r-release-linux-x86_64 | 0.4.0 | 43.87 | 64.90 | 108.77 | NOTE | |
r-release-macos-arm64 | 0.4.0 | 44.00 | NOTE | |||
r-release-macos-x86_64 | 0.4.0 | 69.00 | NOTE | |||
r-release-windows-x86_64 | 0.4.0 | 50.00 | 98.00 | 148.00 | NOTE | |
r-oldrel-macos-arm64 | 0.4.0 | 40.00 | OK | |||
r-oldrel-macos-x86_64 | 0.4.0 | 68.00 | OK | |||
r-oldrel-windows-x86_64 | 0.4.0 | 48.00 | 102.00 | 150.00 | OK |
Version: 0.4.0
Check: C++ specification
Result: NOTE
Specified C++11: please drop specification unless essential
Flavors: r-devel-linux-x86_64-debian-clang, r-devel-linux-x86_64-debian-gcc, r-devel-linux-x86_64-fedora-clang, r-devel-linux-x86_64-fedora-gcc, r-devel-windows-x86_64, r-patched-linux-x86_64, r-release-linux-x86_64, r-release-macos-arm64, r-release-macos-x86_64, r-release-windows-x86_64