Last updated on 2024-03-28 23:01:51 CET.
Flavor | Version | Tinstall | Tcheck | Ttotal | Status | Flags |
---|---|---|---|---|---|---|
r-devel-linux-x86_64-debian-clang | 1.1.1 | 4.73 | 49.17 | 53.90 | OK | |
r-devel-linux-x86_64-debian-gcc | 1.1.1 | 4.26 | 36.49 | 40.75 | OK | |
r-devel-linux-x86_64-fedora-clang | 1.1.1 | 65.29 | OK | |||
r-devel-linux-x86_64-fedora-gcc | 1.1.1 | 63.78 | OK | |||
r-devel-windows-x86_64 | 1.1.1 | 6.00 | 72.00 | 78.00 | OK | |
r-patched-linux-x86_64 | 1.1.1 | 8.69 | 46.71 | 55.40 | OK | |
r-release-linux-x86_64 | 1.1.1 | 5.41 | 45.84 | 51.25 | OK | |
r-release-macos-arm64 | 1.1.1 | 26.00 | OK | |||
r-release-macos-x86_64 | 1.1.1 | 65.00 | OK | |||
r-release-windows-x86_64 | 1.1.1 | 7.00 | 77.00 | 84.00 | OK | |
r-oldrel-macos-arm64 | 1.1.1 | 27.00 | NOTE | |||
r-oldrel-windows-x86_64 | 1.1.1 | 7.00 | 84.00 | 91.00 | NOTE |
Version: 1.1.1
Check: S3 generic/method consistency
Result: NOTE
Found the following apparent S3 methods exported but not registered:
print.fkk.test
See section ‘Registering S3 methods’ in the ‘Writing R Extensions’
manual.
Flavors: r-oldrel-macos-arm64, r-oldrel-windows-x86_64