CRAN Package Check Results for Package npsurvSS

Last updated on 2024-03-01 22:53:43 CET.

Flavor Version Tinstall Tcheck Ttotal Status Flags
r-devel-linux-x86_64-debian-clang 1.0.1 2.67 261.31 263.98 NOTE
r-devel-linux-x86_64-debian-gcc 1.0.1 2.79 189.87 192.66 NOTE
r-devel-linux-x86_64-fedora-clang 1.0.1 310.67 NOTE
r-devel-linux-x86_64-fedora-gcc 1.0.1 315.45 NOTE
r-devel-windows-x86_64 1.0.1 4.00 187.00 191.00 NOTE
r-patched-linux-x86_64 1.0.1 3.08 248.17 251.25 NOTE
r-release-linux-x86_64 1.0.1 3.30 249.58 252.88 NOTE
r-release-macos-arm64 1.0.1 77.00 NOTE
r-release-macos-x86_64 1.0.1 154.00 NOTE
r-release-windows-x86_64 1.0.1 4.00 245.00 249.00 NOTE
r-oldrel-macos-arm64 1.0.1 72.00 NOTE
r-oldrel-windows-x86_64 1.0.1 5.00 246.00 251.00 NOTE

Check Details

Version: 1.0.1
Check: LazyData
Result: NOTE 'LazyData' is specified without a 'data' directory Flavors: r-devel-linux-x86_64-debian-clang, r-devel-linux-x86_64-debian-gcc, r-devel-linux-x86_64-fedora-clang, r-devel-linux-x86_64-fedora-gcc, r-devel-windows-x86_64, r-patched-linux-x86_64, r-release-linux-x86_64, r-release-macos-arm64, r-release-macos-x86_64, r-release-windows-x86_64, r-oldrel-macos-arm64, r-oldrel-windows-x86_64