CRAN Package Check Results for Package nsga3

Last updated on 2019-06-15 22:58:49 CEST.

Flavor Version Tinstall Tcheck Ttotal Status Flags
r-devel-linux-x86_64-debian-clang 0.0.3 9.26 74.48 83.74 OK
r-devel-linux-x86_64-debian-gcc 0.0.3 8.15 60.06 68.21 OK
r-devel-linux-x86_64-fedora-clang 0.0.3 98.58 NOTE
r-devel-linux-x86_64-fedora-gcc 0.0.3 94.75 NOTE
r-devel-windows-ix86+x86_64 0.0.3 27.00 132.00 159.00 OK
r-patched-linux-x86_64 0.0.3 9.15 74.07 83.22 OK
r-patched-solaris-x86 0.0.3 3.60 ERROR
r-release-linux-x86_64 0.0.3 8.50 73.39 81.89 OK
r-release-windows-ix86+x86_64 0.0.3 20.00 120.00 140.00 OK
r-release-osx-x86_64 0.0.3 NOTE
r-oldrel-windows-ix86+x86_64 0.0.3 13.00 136.00 149.00 OK
r-oldrel-osx-x86_64 0.0.3 NOTE

Check Details

Version: 0.0.3
Check: dependencies in R code
Result: NOTE
    Namespace in Imports field not imported from: ‘xgboost’
     All declared Imports should be used.
Flavors: r-devel-linux-x86_64-fedora-clang, r-devel-linux-x86_64-fedora-gcc, r-release-osx-x86_64, r-oldrel-osx-x86_64

Version: 0.0.3
Check: package dependencies
Result: ERROR
    Package required but not available: ‘xgboost’
    
    See section ‘The DESCRIPTION file’ in the ‘Writing R Extensions’
    manual.
Flavor: r-patched-solaris-x86