CRAN Package Check Results for Package nsga3

Last updated on 2020-07-11 22:50:10 CEST.

Flavor Version Tinstall Tcheck Ttotal Status Flags
r-devel-linux-x86_64-debian-clang 0.0.3 11.90 84.58 96.48 OK
r-devel-linux-x86_64-debian-gcc 0.0.3 9.49 66.40 75.89 OK
r-devel-linux-x86_64-fedora-gcc 0.0.3 113.58 NOTE
r-devel-windows-ix86+x86_64 0.0.3 25.00 135.00 160.00 OK
r-patched-linux-x86_64 0.0.3 9.80 83.18 92.98 OK
r-patched-solaris-x86 0.0.3 191.50 NOTE
r-release-linux-x86_64 0.0.3 11.22 83.92 95.14 OK
r-release-macos-x86_64 0.0.3 NOTE
r-release-windows-ix86+x86_64 0.0.3 36.00 89.00 125.00 OK
r-oldrel-macos-x86_64 0.0.3 NOTE
r-oldrel-windows-ix86+x86_64 0.0.3 31.00 93.00 124.00 OK

Check Details

Version: 0.0.3
Check: dependencies in R code
Result: NOTE
    Namespace in Imports field not imported from: ‘xgboost’
     All declared Imports should be used.
Flavors: r-devel-linux-x86_64-fedora-gcc, r-patched-solaris-x86, r-release-macos-x86_64, r-oldrel-macos-x86_64