CRAN Package Check Results for Package nsrr

Last updated on 2021-04-10 22:52:31 CEST.

Flavor Version Tinstall Tcheck Ttotal Status Flags
r-devel-linux-x86_64-debian-clang 0.2.0 2.37 38.09 40.46 NOTE
r-devel-linux-x86_64-debian-gcc 0.2.0 1.97 29.77 31.74 NOTE
r-devel-linux-x86_64-fedora-clang 0.2.0 54.77 NOTE
r-devel-linux-x86_64-fedora-gcc 0.2.0 45.21 NOTE
r-devel-windows-ix86+x86_64 0.2.0 5.00 71.00 76.00 NOTE
r-devel-windows-x86_64-gcc10-UCRT 0.2.0 NOTE
r-patched-linux-x86_64 0.2.0 2.41 36.57 38.98 OK
r-patched-solaris-x86 0.2.0 72.80 OK
r-release-linux-x86_64 0.2.0 2.55 36.51 39.06 OK
r-release-macos-x86_64 0.2.0 OK
r-release-windows-ix86+x86_64 0.2.0 5.00 104.00 109.00 OK
r-oldrel-macos-x86_64 0.2.0 OK
r-oldrel-windows-ix86+x86_64 0.2.0 4.00 74.00 78.00 OK

Check Details

Version: 0.2.0
Check: LazyData
Result: NOTE
     'LazyData' is specified without a 'data' directory
Flavors: r-devel-linux-x86_64-debian-clang, r-devel-linux-x86_64-debian-gcc, r-devel-linux-x86_64-fedora-clang, r-devel-linux-x86_64-fedora-gcc, r-devel-windows-ix86+x86_64, r-devel-windows-x86_64-gcc10-UCRT