CRAN Package Check Results for Package numberofalleles

Last updated on 2023-09-30 22:59:14 CEST.

Flavor Version Tinstall Tcheck Ttotal Status Flags
r-devel-linux-x86_64-debian-clang 1.0.1 50.19 46.02 96.21 OK
r-devel-linux-x86_64-debian-gcc 1.0.1 32.13 35.70 67.83 OK
r-devel-linux-x86_64-fedora-clang 1.0.1 133.25 NOTE
r-devel-linux-x86_64-fedora-gcc 1.0.1 139.02 NOTE
r-devel-windows-x86_64 1.0.1 38.00 75.00 113.00 OK
r-patched-linux-x86_64 1.0.1 45.49 43.45 88.94 OK
r-release-linux-x86_64 1.0.1 52.93 44.57 97.50 OK
r-release-macos-arm64 1.0.1 43.00 OK
r-release-macos-x86_64 1.0.1 67.00 OK
r-release-windows-x86_64 1.0.1 48.00 88.00 136.00 OK
r-oldrel-macos-arm64 1.0.1 34.00 NOTE
r-oldrel-macos-x86_64 1.0.1 48.00 NOTE
r-oldrel-windows-x86_64 1.0.1 43.00 85.00 128.00 OK

Check Details

Version: 1.0.1
Check: dependencies in R code
Result: NOTE
    Namespace in Imports field not imported from: ‘pedtools’
     All declared Imports should be used.
Flavors: r-devel-linux-x86_64-fedora-clang, r-devel-linux-x86_64-fedora-gcc, r-oldrel-macos-arm64, r-oldrel-macos-x86_64