Last updated on 2024-03-27 22:57:52 CET.
Flavor | Version | Tinstall | Tcheck | Ttotal | Status | Flags |
---|---|---|---|---|---|---|
r-devel-linux-x86_64-debian-clang | 0.1.4 | 2.54 | 34.96 | 37.50 | NOTE | |
r-devel-linux-x86_64-debian-gcc | 0.1.4 | 2.14 | 27.54 | 29.68 | NOTE | |
r-devel-linux-x86_64-fedora-clang | 0.1.4 | 47.82 | NOTE | |||
r-devel-linux-x86_64-fedora-gcc | 0.1.4 | 59.27 | NOTE | |||
r-devel-windows-x86_64 | 0.1.4 | 3.00 | 56.00 | 59.00 | NOTE | |
r-patched-linux-x86_64 | 0.1.4 | 2.90 | 32.18 | 35.08 | NOTE | |
r-release-linux-x86_64 | 0.1.4 | 2.79 | 32.40 | 35.19 | NOTE | |
r-release-macos-arm64 | 0.1.4 | 25.00 | NOTE | |||
r-release-macos-x86_64 | 0.1.4 | 37.00 | NOTE | |||
r-release-windows-x86_64 | 0.1.4 | 3.00 | 58.00 | 61.00 | NOTE | |
r-oldrel-macos-arm64 | 0.1.4 | 21.00 | NOTE | |||
r-oldrel-windows-x86_64 | 0.1.4 | 5.00 | 59.00 | 64.00 | NOTE |
Version: 0.1.4
Check: Rd files
Result: NOTE
checkRd: (-1) xyz2R.Rd:31: Lost braces
31 | \item Finally, code{T} is rotated an angle \code{z} about its NEWEST z-axis.
| ^
Flavors: r-devel-linux-x86_64-debian-clang, r-devel-linux-x86_64-debian-gcc, r-devel-linux-x86_64-fedora-clang, r-devel-linux-x86_64-fedora-gcc, r-devel-windows-x86_64
Version: 0.1.4
Check: LazyData
Result: NOTE
'LazyData' is specified without a 'data' directory
Flavors: r-devel-linux-x86_64-debian-clang, r-devel-linux-x86_64-debian-gcc, r-devel-linux-x86_64-fedora-clang, r-devel-linux-x86_64-fedora-gcc, r-devel-windows-x86_64, r-patched-linux-x86_64, r-release-linux-x86_64, r-release-macos-arm64, r-release-macos-x86_64, r-release-windows-x86_64, r-oldrel-macos-arm64, r-oldrel-windows-x86_64