CRAN Package Check Results for Package nycflights13

Last updated on 2024-02-26 23:03:46 CET.

Flavor Version Tinstall Tcheck Ttotal Status Flags
r-devel-linux-x86_64-debian-clang 1.0.2 16.09 54.88 70.97 OK
r-devel-linux-x86_64-debian-gcc 1.0.2 16.97 43.54 60.51 OK
r-devel-linux-x86_64-fedora-clang 1.0.2 93.90 OK
r-devel-linux-x86_64-fedora-gcc 1.0.2 93.18 OK
r-devel-windows-x86_64 1.0.2 17.00 58.00 75.00 OK
r-patched-linux-x86_64 1.0.2 22.07 53.51 75.58 OK
r-release-linux-x86_64 1.0.2 18.79 53.28 72.07 OK
r-release-macos-arm64 1.0.2 46.00 NOTE
r-release-macos-x86_64 1.0.2 68.00 NOTE
r-release-windows-x86_64 1.0.2 24.00 68.00 92.00 OK
r-oldrel-macos-arm64 1.0.2 46.00 NOTE
r-oldrel-windows-x86_64 1.0.2 23.00 84.00 107.00 OK

Check Details

Version: 1.0.2
Check: installed package size
Result: NOTE installed size is 5.1Mb sub-directories of 1Mb or more: data 5.0Mb Flavors: r-release-macos-arm64, r-release-macos-x86_64, r-oldrel-macos-arm64