CRAN Package Check Results for Package nzelect

Last updated on 2019-10-16 22:56:04 CEST.

Flavor Version Tinstall Tcheck Ttotal Status Flags
r-devel-linux-x86_64-debian-clang 0.4.0 10.55 52.97 63.52 OK
r-devel-linux-x86_64-debian-gcc 0.4.0 11.52 43.09 54.61 OK
r-devel-linux-x86_64-fedora-clang 0.4.0 80.71 NOTE
r-devel-linux-x86_64-fedora-gcc 0.4.0 82.78 NOTE
r-devel-windows-ix86+x86_64 0.4.0 23.00 61.00 84.00 OK
r-patched-linux-x86_64 0.4.0 10.49 51.57 62.06 OK
r-patched-solaris-x86 0.4.0 133.00 NOTE
r-release-linux-x86_64 0.4.0 10.14 51.93 62.07 OK
r-release-windows-ix86+x86_64 0.4.0 16.00 90.00 106.00 OK
r-release-osx-x86_64 0.4.0 NOTE
r-oldrel-windows-ix86+x86_64 0.4.0 13.00 63.00 76.00 OK
r-oldrel-osx-x86_64 0.4.0 NOTE

Check Details

Version: 0.4.0
Check: data for non-ASCII characters
Result: NOTE
     Note: found 6409 marked UTF-8 strings
Flavors: r-devel-linux-x86_64-fedora-clang, r-devel-linux-x86_64-fedora-gcc, r-patched-solaris-x86, r-release-osx-x86_64, r-oldrel-osx-x86_64