CRAN Package Check Results for Package nzelect

Last updated on 2019-07-15 22:55:12 CEST.

Flavor Version Tinstall Tcheck Ttotal Status Flags
r-devel-linux-x86_64-debian-clang 0.4.0 10.40 52.70 63.10 OK
r-devel-linux-x86_64-debian-gcc 0.4.0 10.17 43.05 53.22 OK
r-devel-linux-x86_64-fedora-clang 0.4.0 80.56 NOTE
r-devel-linux-x86_64-fedora-gcc 0.4.0 78.86 NOTE
r-devel-windows-ix86+x86_64 0.4.0 20.00 66.00 86.00 OK
r-patched-linux-x86_64 0.4.0 9.80 53.16 62.96 OK
r-patched-solaris-x86 0.4.0 749.40 NOTE
r-release-linux-x86_64 0.4.0 10.03 52.16 62.19 OK
r-release-windows-ix86+x86_64 0.4.0 16.00 88.00 104.00 OK
r-release-osx-x86_64 0.4.0 NOTE
r-oldrel-windows-ix86+x86_64 0.4.0 20.00 94.00 114.00 OK
r-oldrel-osx-x86_64 0.4.0 NOTE

Check Details

Version: 0.4.0
Check: data for non-ASCII characters
Result: NOTE
     Note: found 6409 marked UTF-8 strings
Flavors: r-devel-linux-x86_64-fedora-clang, r-devel-linux-x86_64-fedora-gcc, r-patched-solaris-x86, r-release-osx-x86_64, r-oldrel-osx-x86_64