Last updated on 2024-04-22 23:09:58 CEST.
Flavor | Version | Tinstall | Tcheck | Ttotal | Status | Flags |
---|---|---|---|---|---|---|
r-devel-linux-x86_64-debian-clang | 1.8-2 | 307.16 | 721.01 | 1028.17 | OK | |
r-devel-linux-x86_64-debian-gcc | 1.8-2 | 220.40 | 511.72 | 732.12 | OK | |
r-devel-linux-x86_64-fedora-clang | 1.8-2 | 1445.19 | NOTE | |||
r-devel-linux-x86_64-fedora-gcc | 1.8-2 | 1256.55 | OK | |||
r-prerel-macos-arm64 | 1.8-2 | 267.00 | NOTE | |||
r-prerel-windows-x86_64 | 1.8-2 | 232.00 | 662.00 | 894.00 | NOTE | |
r-patched-linux-x86_64 | 1.8-2 | 283.85 | 676.24 | 960.09 | OK | |
r-release-linux-x86_64 | 1.8-2 | 288.78 | 674.20 | 962.98 | OK | |
r-release-macos-arm64 | 1.8-2 | 286.00 | NOTE | |||
r-release-macos-x86_64 | 1.8-2 | 699.00 | NOTE | |||
r-release-windows-x86_64 | 1.8-2 | 293.00 | 835.00 | 1128.00 | NOTE | |
r-oldrel-macos-arm64 | 1.8-2 | 277.00 | NOTE | |||
r-oldrel-windows-x86_64 | 1.8-2 | 288.00 | 668.00 | 956.00 | NOTE |
Version: 1.8-2
Check: installed package size
Result: NOTE
installed size is 9.7Mb
sub-directories of 1Mb or more:
R 2.7Mb
data 1.0Mb
doc 1.7Mb
help 3.2Mb
Flavors: r-devel-linux-x86_64-fedora-clang, r-prerel-macos-arm64, r-prerel-windows-x86_64, r-release-macos-arm64, r-release-macos-x86_64, r-release-windows-x86_64, r-oldrel-macos-arm64, r-oldrel-windows-x86_64